{"id":1892,"date":"2020-05-06T18:44:16","date_gmt":"2020-05-06T16:44:16","guid":{"rendered":"https:\/\/www.eurominority.eu\/?page_id=1892"},"modified":"2020-05-06T19:13:30","modified_gmt":"2020-05-06T17:13:30","slug":"les-minorites-dans-le-monde","status":"publish","type":"page","link":"https:\/\/www.eurominority.eu\/index.php\/les-minorites-dans-le-monde\/","title":{"rendered":"Les minorit\u00e9s dans le monde"},"content":{"rendered":"<div class=\"wp-block-image\"><figure class=\"aligncenter\"><img loading=\"lazy\" decoding=\"async\" width=\"100\" height=\"100\" src=\"https:\/\/www.eurominority.eu\/wp-content\/uploads\/2020\/05\/Logo-Multinatio_gris-clair.jpg\" alt=\"\" class=\"wp-image-1624\"\/><\/figure><\/div><p class=\"has-medium-font-size\">De nombreux peuples vivent en situation minoritaire \u00e0 travers le monde, notamment en Europe. Les cas les plus embl\u00e9matiques sont certainement ceux du Tibet, du Kurdistan et de la Tch\u00e9tch\u00e9nie, qui illustrent la diversit\u00e9 du ph\u00e9nom\u00e8ne minoritaire sur notre plan\u00e8te. En effet, m\u00eame s\u2019il est a priori facile de faire un parall\u00e8le entre ces trois territoires, leur histoire, leur position vis-\u00e0-vis de l\u2019\u00c9tat central, leurs moyens de lutte sont tr\u00e8s diff\u00e9rents sur bien des aspects. <\/p><div class=\"wp-block-image\"><figure class=\"aligncenter\"><img loading=\"lazy\" decoding=\"async\" width=\"261\" height=\"71\" src=\"https:\/\/www.eurominority.eu\/wp-content\/uploads\/2020\/05\/Logo-Multinatio_gris-clair-x3.jpg\" alt=\"\" class=\"wp-image-1637\"\/><\/figure><\/div><h2 class=\"wp-block-heading\"> Tibet  <\/h2><figure class=\"wp-block-image\"><img loading=\"lazy\" decoding=\"async\" width=\"963\" height=\"26\" src=\"https:\/\/www.eurominority.eu\/wp-content\/uploads\/2020\/05\/Logo-Multinatio_bandesgrises.jpg\" alt=\"\" class=\"wp-image-1644\" srcset=\"https:\/\/www.eurominority.eu\/wp-content\/uploads\/2020\/05\/Logo-Multinatio_bandesgrises.jpg 963w, https:\/\/www.eurominority.eu\/wp-content\/uploads\/2020\/05\/Logo-Multinatio_bandesgrises-600x16.jpg 600w, https:\/\/www.eurominority.eu\/wp-content\/uploads\/2020\/05\/Logo-Multinatio_bandesgrises-300x8.jpg 300w, https:\/\/www.eurominority.eu\/wp-content\/uploads\/2020\/05\/Logo-Multinatio_bandesgrises-768x21.jpg 768w\" sizes=\"(max-width: 963px) 100vw, 963px\" \/><\/figure><p> Le Tibet, tout d\u2019abord, compos\u00e9 selon les Tib\u00e9tains d\u2019un territoire linguistiquement homog\u00e8ne est appel\u00e9 par le gouvernement en exil \u00ab grand Tibet historique \u00bb. En effet, m\u00eame si les Tib\u00e9tains disposent d\u2019un territoire propre au sein de la Chine populaire, celui-ci est d\u00e9pec\u00e9. Ce que les Chinois appellent Tibet ne correspond pas \u00e0 la vision tib\u00e9taine. Deux autres r\u00e9gions (Qinghai et une partie du Sishuan) font partie du Tibet historique, o\u00f9 on compte un peu plus de 6 millions d\u2019habitants. Plus de 150 000 Tib\u00e9tains vivent actuellement en exil, principalement en Inde, \u00e0 l\u2019image du Dala\u00ef-Lama, le chef spirituel, qui s\u2019est enfui en 1959, lors des r\u00e9voltes qui ont fait plusieurs dizaines de milliers de victimes. Avant l\u2019invasion du pays par la Chine \u00e0 cette date, le Tibet oscillait entre plusieurs r\u00e9gimes qualifi\u00e9s de f\u00e9odaux par les opposants. Actuellement la moindre opposition au r\u00e9gime chinois ou manifestation autonomiste et ind\u00e9pendantiste est r\u00e9prim\u00e9e, souvent dans le sang, comme en 1989 o\u00f9 une manifestation a fait 450 morts.<\/p><div class=\"wp-block-image\"><figure class=\"aligncenter\"><img loading=\"lazy\" decoding=\"async\" width=\"261\" height=\"71\" src=\"https:\/\/www.eurominority.eu\/wp-content\/uploads\/2020\/05\/Logo-Multinatio_gris-clair-x3.jpg\" alt=\"\" class=\"wp-image-1637\"\/><\/figure><\/div><h2 class=\"wp-block-heading\"> Kurdistan  <\/h2><figure class=\"wp-block-image\"><img loading=\"lazy\" decoding=\"async\" width=\"963\" height=\"26\" src=\"https:\/\/www.eurominority.eu\/wp-content\/uploads\/2020\/05\/Logo-Multinatio_bandesgrises.jpg\" alt=\"\" class=\"wp-image-1644\" srcset=\"https:\/\/www.eurominority.eu\/wp-content\/uploads\/2020\/05\/Logo-Multinatio_bandesgrises.jpg 963w, https:\/\/www.eurominority.eu\/wp-content\/uploads\/2020\/05\/Logo-Multinatio_bandesgrises-600x16.jpg 600w, https:\/\/www.eurominority.eu\/wp-content\/uploads\/2020\/05\/Logo-Multinatio_bandesgrises-300x8.jpg 300w, https:\/\/www.eurominority.eu\/wp-content\/uploads\/2020\/05\/Logo-Multinatio_bandesgrises-768x21.jpg 768w\" sizes=\"(max-width: 963px) 100vw, 963px\" \/><\/figure><p> Le Kurdistan (Kurdewar\u00ee) est un vaste territoire partag\u00e9, d\u00e8s le Moyen \u00c2ge, entre ce qui est aujourd\u2019hui la Turquie, l\u2019Iran, l\u2019Irak et la Syrie. Les Kurdes disposent dans ces diff\u00e9rents pays de statuts totalement diff\u00e9rents. En Irak, en 1987, les Kurdes obtiennent une forte autonomie leur permettant d\u2019exprimer leur culture, leur langue et de b\u00e9n\u00e9ficier des richesses naturelles de leur territoire. Ce statut a \u00e9t\u00e9 obtenu apr\u00e8s une forte r\u00e9pression qui a caus\u00e9 la mort de plus de 200 000 personnes sous le r\u00e9gime baasiste de Saddam Hussein, masqu\u00e9 par l\u2019octroi de droits en trompe l\u2019\u0153il. Apr\u00e8s la premi\u00e8re guerre mondiale et la disparition de l\u2019Empire ottoman, il \u00e9tait pr\u00e9vu la cr\u00e9ation d\u2019un \u00c9tat kurde, projet rapidement avort\u00e9. Les \u00c9tats occidentaux, dominant la r\u00e9gion \u00e0 l\u2019\u00e9poque, \u00e9cras\u00e8rent la moindre r\u00e9volte. En Turquie, la situation n\u2019a gu\u00e8re \u00e9t\u00e9 plus favorable. En effet, depuis les ann\u00e9es 1920, elle a men\u00e9 une politique de r\u00e9pression en pratiquant la d\u00e9portation massive et la \u00ab turquisation \u00bb de la r\u00e9gion. Des mouvements politiques d\u2019opposition s\u2019y sont form\u00e9s, notamment, en 1978, la cr\u00e9ation du PKK (Parti du Peuple du Kurdistan) qui m\u00e8ne des op\u00e9rations de gu\u00e9rilla. Cette situation attise le sentiment anti-kurde du c\u00f4t\u00e9 turc, amenant le gouvernement \u00e0 des arrestations abusives d\u2019\u00e9lus (d\u00e9put\u00e9s, maires de grandes villes) pour le simple fait parfois d\u2019avoir utilis\u00e9 publiquement la langue kurde. Ces agissements d\u00e9nonc\u00e9s maintes fois par les organisations internationales dont l\u2019Union europ\u00e9enne, ternissent l\u2019image de la Turquie. En effet, en \u00e9crasant le peuple kurde, l\u2019assimilant de mani\u00e8re agressive et ne lui laissant pas de place dans le d\u00e9bat public, la Turquie ne se grandit pas par de tels pratiques. Les Kurdes en sont malheureusement les premi\u00e8res victimes.  <\/p><div class=\"wp-block-image\"><figure class=\"aligncenter\"><img loading=\"lazy\" decoding=\"async\" width=\"261\" height=\"71\" src=\"https:\/\/www.eurominority.eu\/wp-content\/uploads\/2020\/05\/Logo-Multinatio_gris-clair-x3.jpg\" alt=\"\" class=\"wp-image-1637\"\/><\/figure><\/div><h2 class=\"wp-block-heading\"> Tch\u00e9tch\u00e9nie  <\/h2><figure class=\"wp-block-image\"><img loading=\"lazy\" decoding=\"async\" width=\"963\" height=\"26\" src=\"https:\/\/www.eurominority.eu\/wp-content\/uploads\/2020\/05\/Logo-Multinatio_bandesgrises.jpg\" alt=\"\" class=\"wp-image-1644\" srcset=\"https:\/\/www.eurominority.eu\/wp-content\/uploads\/2020\/05\/Logo-Multinatio_bandesgrises.jpg 963w, https:\/\/www.eurominority.eu\/wp-content\/uploads\/2020\/05\/Logo-Multinatio_bandesgrises-600x16.jpg 600w, https:\/\/www.eurominority.eu\/wp-content\/uploads\/2020\/05\/Logo-Multinatio_bandesgrises-300x8.jpg 300w, https:\/\/www.eurominority.eu\/wp-content\/uploads\/2020\/05\/Logo-Multinatio_bandesgrises-768x21.jpg 768w\" sizes=\"(max-width: 963px) 100vw, 963px\" \/><\/figure><p>\nSur les trois exemples de peuples minoritaires dans le monde, la \nTch\u00e9tch\u00e9nie a fait couler beaucoup d\u2019encre et de sang. La R\u00e9publique \ntch\u00e9tch\u00e8ne, nomm\u00e9e Itchk\u00e9rie par les ind\u00e9pendantistes, est un territoire\n sous administration russe dans le Caucase. Cette partie du monde \nconcentre un tr\u00e8s grand nombre de peuples d\u2019origines tr\u00e8s divers \n(caucasiens, indo-europ\u00e9ens, turcs et mongols). Cette mosa\u00efque concentre\n un grand nombre de conflits \u00e0 l\u2019impact m\u00e9diatique plan\u00e9taire : Abkhazie\n et Oss\u00e9tie du Sud en G\u00e9orgie, Nagorno-Karabakh en Azerba\u00efdjan et \nTch\u00e9tch\u00e9nie en Russie. M\u00eame si la r\u00e9gion n\u2019a \u00e9t\u00e9 ind\u00e9pendante qu\u2019une \ntr\u00e8s courte p\u00e9riode en 1995, les Tch\u00e9tch\u00e8nes luttent depuis le XVIIIe \nsic\u00e8le contre la domination russe. La r\u00e9gion autonome est fond\u00e9e en \n1922, changeant de statut au cours des d\u00e9cennies et des bouleversements \npolitiques en Russie puis en URSS. Culturellement et linguistiquement la\n Tch\u00e9tch\u00e9nie est tr\u00e8s proche de l\u2019Ingouchie voisine, r\u00e9gion avec \nlaquelle son sort a souvent \u00e9t\u00e9 li\u00e9. Ses bases culturelles musulmanes et\n claniques fondent la soci\u00e9t\u00e9. En effet, les Tieps, alliances par clan, \nponctuent la vie politique et sociale. Les deux conflits qui ont marqu\u00e9 \nla fin des ann\u00e9es 1990 sont plus complexes qu\u2019il n\u2019y para\u00eet. Ils ont \ncommenc\u00e9 par la d\u00e9claration unilat\u00e9rale d\u2019ind\u00e9pendance des autorit\u00e9s \ntch\u00e9tch\u00e8nes instaurant le r\u00e9gime de la charia (loi islamique) et \ns\u2019alliant avec les Talibans au pouvoir en Afganistan. Ils ont fait \nplusieurs dizaines de morts et d\u00e9plac\u00e9 350 000 personnes. L\u2019autonomie de\n la Tch\u00e9tch\u00e9nie n\u2019a pas \u00e9t\u00e9 remise en question apr\u00e8s le conflit et le \npouvoir des autorit\u00e9s locales y est tr\u00e8s fort malgr\u00e9 la vassalit\u00e9 \nvis-\u00e0-vis du r\u00e9gime de Moscou. Les combattants tch\u00e9tch\u00e8nes dont la \nstrat\u00e9gie d\u2019alliance a \u00e9t\u00e9 contest\u00e9e continuent n\u00e9anmoins de lutter \ncontre le pouvoir russe, mais aussi contre les autorit\u00e9s tch\u00e9tch\u00e8nes \nactuellement en place, c\u2019est \u00e0 dire le clan Kadyrov.\n\n<\/p><div class=\"wp-block-image\"><figure class=\"aligncenter\"><img loading=\"lazy\" decoding=\"async\" width=\"180\" height=\"73\" src=\"https:\/\/www.eurominority.eu\/wp-content\/uploads\/2020\/05\/Logo-Multinatio_mgris.jpg\" alt=\"\" class=\"wp-image-1653\"\/><\/figure><\/div>","protected":false},"excerpt":{"rendered":"<p>De nombreux peuples vivent en situation minoritaire \u00e0 travers le monde, notamment en Europe. Les cas les plus embl\u00e9matiques sont certainement ceux du Tibet, du Kurdistan et de la Tch\u00e9tch\u00e9nie, qui illustrent la diversit\u00e9 du ph\u00e9nom\u00e8ne minoritaire sur notre plan\u00e8te. En effet, m\u00eame s\u2019il est a priori facile de faire un parall\u00e8le entre ces trois territoires, leur histoire, leur position vis-\u00e0-vis de l\u2019\u00c9tat central, leurs moyens de lutte sont tr\u00e8s diff\u00e9rents sur bien des aspects. Tibet Le Tibet, tout d\u2019abord, compos\u00e9 selon les Tib\u00e9tains d\u2019un territoire linguistiquement homog\u00e8ne est appel\u00e9 par le gouvernement en exil \u00ab grand Tibet historique \u00bb. En effet, m\u00eame si les Tib\u00e9tains disposent d\u2019un territoire propre au sein de la Chine populaire, celui-ci est d\u00e9pec\u00e9. Ce que les Chinois appellent Tibet ne correspond pas \u00e0 la vision tib\u00e9taine. Deux autres r\u00e9gions (Qinghai et une partie du Sishuan) font partie du Tibet historique, o\u00f9 on compte un peu plus de 6 millions d\u2019habitants. Plus de 150 000 Tib\u00e9tains vivent actuellement en exil, principalement en Inde, \u00e0 l\u2019image du Dala\u00ef-Lama, le chef spirituel, qui s\u2019est enfui en 1959, lors des r\u00e9voltes qui ont fait plusieurs dizaines de milliers de victimes. Avant l\u2019invasion du pays par la Chine \u00e0 &#8230; <\/p>\n<p class=\"read-more-container\"><a title=\"Les minorit\u00e9s dans le monde\" class=\"read-more button\" href=\"https:\/\/www.eurominority.eu\/index.php\/les-minorites-dans-le-monde\/#more-1892\">+<span class=\"screen-reader-text\">Les minorit\u00e9s dans le monde<\/span><\/a><\/p>\n","protected":false},"author":1,"featured_media":0,"parent":0,"menu_order":0,"comment_status":"closed","ping_status":"closed","template":"","meta":{"om_disable_all_campaigns":false,"_monsterinsights_skip_tracking":false,"_monsterinsights_sitenote_active":false,"_monsterinsights_sitenote_note":"","_monsterinsights_sitenote_category":0,"_uf_show_specific_survey":0,"_uf_disable_surveys":false,"footnotes":""},"class_list":["post-1892","page","type-page","status-publish"],"aioseo_notices":[],"yoast_head":"<!-- This site is optimized with the Yoast SEO plugin v25.6 - https:\/\/yoast.com\/wordpress\/plugins\/seo\/ -->\n<title>Les minorit\u00e9s dans le monde | Eurominority.eu<\/title>\n<meta name=\"robots\" content=\"index, follow, max-snippet:-1, max-image-preview:large, max-video-preview:-1\" \/>\n<link rel=\"canonical\" href=\"https:\/\/www.eurominority.eu\/index.php\/les-minorites-dans-le-monde\/\" \/>\n<meta property=\"og:locale\" content=\"fr_FR\" \/>\n<meta property=\"og:type\" content=\"article\" \/>\n<meta property=\"og:title\" content=\"Les minorit\u00e9s dans le monde | Eurominority.eu\" \/>\n<meta property=\"og:description\" content=\"De nombreux peuples vivent en situation minoritaire \u00e0 travers le monde, notamment en Europe. Les cas les plus embl\u00e9matiques sont certainement ceux du Tibet, du Kurdistan et de la Tch\u00e9tch\u00e9nie, qui illustrent la diversit\u00e9 du ph\u00e9nom\u00e8ne minoritaire sur notre plan\u00e8te. En effet, m\u00eame s\u2019il est a priori facile de faire un parall\u00e8le entre ces trois territoires, leur histoire, leur position vis-\u00e0-vis de l\u2019\u00c9tat central, leurs moyens de lutte sont tr\u00e8s diff\u00e9rents sur bien des aspects. Tibet Le Tibet, tout d\u2019abord, compos\u00e9 selon les Tib\u00e9tains d\u2019un territoire linguistiquement homog\u00e8ne est appel\u00e9 par le gouvernement en exil \u00ab grand Tibet historique \u00bb. En effet, m\u00eame si les Tib\u00e9tains disposent d\u2019un territoire propre au sein de la Chine populaire, celui-ci est d\u00e9pec\u00e9. Ce que les Chinois appellent Tibet ne correspond pas \u00e0 la vision tib\u00e9taine. Deux autres r\u00e9gions (Qinghai et une partie du Sishuan) font partie du Tibet historique, o\u00f9 on compte un peu plus de 6 millions d\u2019habitants. Plus de 150 000 Tib\u00e9tains vivent actuellement en exil, principalement en Inde, \u00e0 l\u2019image du Dala\u00ef-Lama, le chef spirituel, qui s\u2019est enfui en 1959, lors des r\u00e9voltes qui ont fait plusieurs dizaines de milliers de victimes. Avant l\u2019invasion du pays par la Chine \u00e0 ... +Les minorit\u00e9s dans le monde\" \/>\n<meta property=\"og:url\" content=\"https:\/\/www.eurominority.eu\/index.php\/les-minorites-dans-le-monde\/\" \/>\n<meta property=\"og:site_name\" content=\"Eurominority.eu\" \/>\n<meta property=\"article:modified_time\" content=\"2020-05-06T17:13:30+00:00\" \/>\n<meta name=\"twitter:card\" content=\"summary_large_image\" \/>\n<meta name=\"twitter:label1\" content=\"Dur\u00e9e de lecture estim\u00e9e\" \/>\n\t<meta name=\"twitter:data1\" content=\"5 minutes\" \/>\n<script type=\"application\/ld+json\" class=\"yoast-schema-graph\">{\"@context\":\"https:\/\/schema.org\",\"@graph\":[{\"@type\":\"WebPage\",\"@id\":\"https:\/\/www.eurominority.eu\/index.php\/les-minorites-dans-le-monde\/\",\"url\":\"https:\/\/www.eurominority.eu\/index.php\/les-minorites-dans-le-monde\/\",\"name\":\"Les minorit\u00e9s dans le monde | Eurominority.eu\",\"isPartOf\":{\"@id\":\"https:\/\/www.eurominority.eu\/#website\"},\"datePublished\":\"2020-05-06T16:44:16+00:00\",\"dateModified\":\"2020-05-06T17:13:30+00:00\",\"breadcrumb\":{\"@id\":\"https:\/\/www.eurominority.eu\/index.php\/les-minorites-dans-le-monde\/#breadcrumb\"},\"inLanguage\":\"fr-FR\",\"potentialAction\":[{\"@type\":\"ReadAction\",\"target\":[\"https:\/\/www.eurominority.eu\/index.php\/les-minorites-dans-le-monde\/\"]}]},{\"@type\":\"BreadcrumbList\",\"@id\":\"https:\/\/www.eurominority.eu\/index.php\/les-minorites-dans-le-monde\/#breadcrumb\",\"itemListElement\":[{\"@type\":\"ListItem\",\"position\":1,\"name\":\"Accueil\",\"item\":\"https:\/\/www.eurominority.eu\/\"},{\"@type\":\"ListItem\",\"position\":2,\"name\":\"Les minorit\u00e9s dans le monde\"}]},{\"@type\":\"WebSite\",\"@id\":\"https:\/\/www.eurominority.eu\/#website\",\"url\":\"https:\/\/www.eurominority.eu\/\",\"name\":\"Eurominority.eu\",\"description\":\"We are the peoples of the world\",\"publisher\":{\"@id\":\"https:\/\/www.eurominority.eu\/#\/schema\/person\/79505440550055e97873102f1e7ab47f\"},\"potentialAction\":[{\"@type\":\"SearchAction\",\"target\":{\"@type\":\"EntryPoint\",\"urlTemplate\":\"https:\/\/www.eurominority.eu\/?s={search_term_string}\"},\"query-input\":{\"@type\":\"PropertyValueSpecification\",\"valueRequired\":true,\"valueName\":\"search_term_string\"}}],\"inLanguage\":\"fr-FR\"},{\"@type\":[\"Person\",\"Organization\"],\"@id\":\"https:\/\/www.eurominority.eu\/#\/schema\/person\/79505440550055e97873102f1e7ab47f\",\"name\":\"Multinatio\",\"image\":{\"@type\":\"ImageObject\",\"inLanguage\":\"fr-FR\",\"@id\":\"https:\/\/www.eurominority.eu\/#\/schema\/person\/image\/\",\"url\":\"https:\/\/www.eurominority.eu\/wp-content\/uploads\/2023\/03\/cropped-Logo-Eurominority.png\",\"contentUrl\":\"https:\/\/www.eurominority.eu\/wp-content\/uploads\/2023\/03\/cropped-Logo-Eurominority.png\",\"width\":1500,\"height\":462,\"caption\":\"Multinatio\"},\"logo\":{\"@id\":\"https:\/\/www.eurominority.eu\/#\/schema\/person\/image\/\"}}]}<\/script>\n<!-- \/ Yoast SEO plugin. -->","yoast_head_json":{"title":"Les minorit\u00e9s dans le monde | Eurominority.eu","robots":{"index":"index","follow":"follow","max-snippet":"max-snippet:-1","max-image-preview":"max-image-preview:large","max-video-preview":"max-video-preview:-1"},"canonical":"https:\/\/www.eurominority.eu\/index.php\/les-minorites-dans-le-monde\/","og_locale":"fr_FR","og_type":"article","og_title":"Les minorit\u00e9s dans le monde | Eurominority.eu","og_description":"De nombreux peuples vivent en situation minoritaire \u00e0 travers le monde, notamment en Europe. Les cas les plus embl\u00e9matiques sont certainement ceux du Tibet, du Kurdistan et de la Tch\u00e9tch\u00e9nie, qui illustrent la diversit\u00e9 du ph\u00e9nom\u00e8ne minoritaire sur notre plan\u00e8te. En effet, m\u00eame s\u2019il est a priori facile de faire un parall\u00e8le entre ces trois territoires, leur histoire, leur position vis-\u00e0-vis de l\u2019\u00c9tat central, leurs moyens de lutte sont tr\u00e8s diff\u00e9rents sur bien des aspects. Tibet Le Tibet, tout d\u2019abord, compos\u00e9 selon les Tib\u00e9tains d\u2019un territoire linguistiquement homog\u00e8ne est appel\u00e9 par le gouvernement en exil \u00ab grand Tibet historique \u00bb. En effet, m\u00eame si les Tib\u00e9tains disposent d\u2019un territoire propre au sein de la Chine populaire, celui-ci est d\u00e9pec\u00e9. Ce que les Chinois appellent Tibet ne correspond pas \u00e0 la vision tib\u00e9taine. Deux autres r\u00e9gions (Qinghai et une partie du Sishuan) font partie du Tibet historique, o\u00f9 on compte un peu plus de 6 millions d\u2019habitants. Plus de 150 000 Tib\u00e9tains vivent actuellement en exil, principalement en Inde, \u00e0 l\u2019image du Dala\u00ef-Lama, le chef spirituel, qui s\u2019est enfui en 1959, lors des r\u00e9voltes qui ont fait plusieurs dizaines de milliers de victimes. Avant l\u2019invasion du pays par la Chine \u00e0 ... +Les minorit\u00e9s dans le monde","og_url":"https:\/\/www.eurominority.eu\/index.php\/les-minorites-dans-le-monde\/","og_site_name":"Eurominority.eu","article_modified_time":"2020-05-06T17:13:30+00:00","twitter_card":"summary_large_image","twitter_misc":{"Dur\u00e9e de lecture estim\u00e9e":"5 minutes"},"schema":{"@context":"https:\/\/schema.org","@graph":[{"@type":"WebPage","@id":"https:\/\/www.eurominority.eu\/index.php\/les-minorites-dans-le-monde\/","url":"https:\/\/www.eurominority.eu\/index.php\/les-minorites-dans-le-monde\/","name":"Les minorit\u00e9s dans le monde | Eurominority.eu","isPartOf":{"@id":"https:\/\/www.eurominority.eu\/#website"},"datePublished":"2020-05-06T16:44:16+00:00","dateModified":"2020-05-06T17:13:30+00:00","breadcrumb":{"@id":"https:\/\/www.eurominority.eu\/index.php\/les-minorites-dans-le-monde\/#breadcrumb"},"inLanguage":"fr-FR","potentialAction":[{"@type":"ReadAction","target":["https:\/\/www.eurominority.eu\/index.php\/les-minorites-dans-le-monde\/"]}]},{"@type":"BreadcrumbList","@id":"https:\/\/www.eurominority.eu\/index.php\/les-minorites-dans-le-monde\/#breadcrumb","itemListElement":[{"@type":"ListItem","position":1,"name":"Accueil","item":"https:\/\/www.eurominority.eu\/"},{"@type":"ListItem","position":2,"name":"Les minorit\u00e9s dans le monde"}]},{"@type":"WebSite","@id":"https:\/\/www.eurominority.eu\/#website","url":"https:\/\/www.eurominority.eu\/","name":"Eurominority.eu","description":"We are the peoples of the world","publisher":{"@id":"https:\/\/www.eurominority.eu\/#\/schema\/person\/79505440550055e97873102f1e7ab47f"},"potentialAction":[{"@type":"SearchAction","target":{"@type":"EntryPoint","urlTemplate":"https:\/\/www.eurominority.eu\/?s={search_term_string}"},"query-input":{"@type":"PropertyValueSpecification","valueRequired":true,"valueName":"search_term_string"}}],"inLanguage":"fr-FR"},{"@type":["Person","Organization"],"@id":"https:\/\/www.eurominority.eu\/#\/schema\/person\/79505440550055e97873102f1e7ab47f","name":"Multinatio","image":{"@type":"ImageObject","inLanguage":"fr-FR","@id":"https:\/\/www.eurominority.eu\/#\/schema\/person\/image\/","url":"https:\/\/www.eurominority.eu\/wp-content\/uploads\/2023\/03\/cropped-Logo-Eurominority.png","contentUrl":"https:\/\/www.eurominority.eu\/wp-content\/uploads\/2023\/03\/cropped-Logo-Eurominority.png","width":1500,"height":462,"caption":"Multinatio"},"logo":{"@id":"https:\/\/www.eurominority.eu\/#\/schema\/person\/image\/"}}]}},"_links":{"self":[{"href":"https:\/\/www.eurominority.eu\/index.php\/wp-json\/wp\/v2\/pages\/1892"}],"collection":[{"href":"https:\/\/www.eurominority.eu\/index.php\/wp-json\/wp\/v2\/pages"}],"about":[{"href":"https:\/\/www.eurominority.eu\/index.php\/wp-json\/wp\/v2\/types\/page"}],"author":[{"embeddable":true,"href":"https:\/\/www.eurominority.eu\/index.php\/wp-json\/wp\/v2\/users\/1"}],"replies":[{"embeddable":true,"href":"https:\/\/www.eurominority.eu\/index.php\/wp-json\/wp\/v2\/comments?post=1892"}],"version-history":[{"count":4,"href":"https:\/\/www.eurominority.eu\/index.php\/wp-json\/wp\/v2\/pages\/1892\/revisions"}],"predecessor-version":[{"id":1922,"href":"https:\/\/www.eurominority.eu\/index.php\/wp-json\/wp\/v2\/pages\/1892\/revisions\/1922"}],"wp:attachment":[{"href":"https:\/\/www.eurominority.eu\/index.php\/wp-json\/wp\/v2\/media?parent=1892"}],"curies":[{"name":"wp","href":"https:\/\/api.w.org\/{rel}","templated":true}]}}