{"id":1905,"date":"2020-05-06T18:56:19","date_gmt":"2020-05-06T16:56:19","guid":{"rendered":"https:\/\/www.eurominority.eu\/?page_id=1905"},"modified":"2020-05-06T19:12:54","modified_gmt":"2020-05-06T17:12:54","slug":"quest-ce-quune-minorite","status":"publish","type":"page","link":"https:\/\/www.eurominority.eu\/index.php\/quest-ce-quune-minorite\/","title":{"rendered":"Qu&rsquo;est-ce qu&rsquo;une minorit\u00e9 ?"},"content":{"rendered":"<div class=\"wp-block-image\"><figure class=\"aligncenter\"><img loading=\"lazy\" decoding=\"async\" width=\"100\" height=\"100\" src=\"https:\/\/www.eurominority.eu\/wp-content\/uploads\/2020\/05\/Logo-Multinatio_gris-clair.jpg\" alt=\"\" class=\"wp-image-1624\"\/><\/figure><\/div><p class=\"has-medium-font-size\">\nLe terme minorit\u00e9 fait r\u00e9f\u00e9rence \u00e0 plusieurs concepts souvent proches et\n difficiles \u00e0 appr\u00e9hender. S\u2019il est un fait que ce terme s\u2019oppose la \nplupart du temps \u00e0 celui de majorit\u00e9, sa d\u00e9finition devient souvent \nd\u00e9licate quand on l\u2019associe \u00e0 un fait humain. La complexit\u00e9 des rapports\n humains et la multiplicit\u00e9 des situations rend difficile la recherche \nd\u2019une d\u00e9finition accept\u00e9e universellement. \n\n<\/p><p>M\u00eame en droit international, aucune d\u00e9finition du terme \u00ab minorit\u00e9 \u00bb n\u2019existe. Il renvoie \u00e0 des d\u00e9finitions diff\u00e9rentes selon qu\u2019il s\u2019agisse de textes de l\u2019Organisation des Nations Unies (ONU) ou du Conseil de l\u2019Europe. L\u2019ONU emploie plus facilement les termes de \u00ab minorit\u00e9s ethniques, religieuses ou linguistiques \u00bb tandis que les textes europ\u00e9ens emploient le terme de \u00ab minorit\u00e9s nationales \u00bb. Il convient de noter qu\u2019en d\u00e9pit de l\u2019absence d\u2019une d\u00e9finition juridiquement contraignante du terme \u00ab minorit\u00e9 \u00bb, beaucoup s\u2019accordent \u00e0 dire qu\u2019une minorit\u00e9 doit r\u00e9unir des caract\u00e9ristiques objectives (telles que la langue, les traditions ou le patrimoine culturel) et un facteur subjectif, en l\u2019occurrence la volont\u00e9 de ses membres de s\u2019affirmer comme tels, et de revendiquer leur attachement \u00e0 ce qui fait leur identit\u00e9 sp\u00e9cifique. Lors de l\u2019\u00e9laboration des textes europ\u00e9ens de d\u00e9fense des droits des minorit\u00e9s, une des exigences consistait \u00e0 d\u00e9faut de d\u00e9finir le terme en soi, de trouver au minimum les crit\u00e8res qui font qu\u2019un groupe d\u2019individus puisse \u00eatre qualifi\u00e9 de minorit\u00e9 nationale. <\/p><div class=\"wp-block-image\"><figure class=\"aligncenter\"><img loading=\"lazy\" decoding=\"async\" width=\"261\" height=\"71\" src=\"https:\/\/www.eurominority.eu\/wp-content\/uploads\/2020\/05\/Logo-Multinatio_gris-clair-x3.jpg\" alt=\"\" class=\"wp-image-1637\"\/><\/figure><\/div><h2 class=\"wp-block-heading\"> Minorit\u00e9 nationale <\/h2><figure class=\"wp-block-image\"><img loading=\"lazy\" decoding=\"async\" width=\"963\" height=\"26\" src=\"https:\/\/www.eurominority.eu\/wp-content\/uploads\/2020\/05\/Logo-Multinatio_bandesgrises.jpg\" alt=\"\" class=\"wp-image-1644\" srcset=\"https:\/\/www.eurominority.eu\/wp-content\/uploads\/2020\/05\/Logo-Multinatio_bandesgrises.jpg 963w, https:\/\/www.eurominority.eu\/wp-content\/uploads\/2020\/05\/Logo-Multinatio_bandesgrises-600x16.jpg 600w, https:\/\/www.eurominority.eu\/wp-content\/uploads\/2020\/05\/Logo-Multinatio_bandesgrises-300x8.jpg 300w, https:\/\/www.eurominority.eu\/wp-content\/uploads\/2020\/05\/Logo-Multinatio_bandesgrises-768x21.jpg 768w\" sizes=\"(max-width: 963px) 100vw, 963px\" \/><\/figure><p> Ce qu\u2019on appelle commun\u00e9ment une minorit\u00e9 nationale est un peuple vivant en situation minoritaire dans un \u00c9tat. Elles sont de deux types : les peuples d\u2019\u00c9tats \u00e9ponymes comme les Danois en Allemagne ou les Hongrois en Roumanie. Par extension, on l\u2019applique \u00e9galement aux peuples non souverains ne disposant pas de structures \u00e9tatiques propres. Ces derni\u00e8res sont des \u00ab Nations sans \u00c9tat \u00bb. La Bretagne, le Pays basque et la Frise en sont des exemples.<\/p><div class=\"wp-block-image\"><figure class=\"aligncenter\"><img loading=\"lazy\" decoding=\"async\" width=\"261\" height=\"71\" src=\"https:\/\/www.eurominority.eu\/wp-content\/uploads\/2020\/05\/Logo-Multinatio_gris-clair-x3.jpg\" alt=\"\" class=\"wp-image-1637\"\/><\/figure><\/div><h2 class=\"wp-block-heading\"> Minorit\u00e9 ethnique <\/h2><figure class=\"wp-block-image\"><img loading=\"lazy\" decoding=\"async\" width=\"963\" height=\"26\" src=\"https:\/\/www.eurominority.eu\/wp-content\/uploads\/2020\/05\/Logo-Multinatio_bandesgrises.jpg\" alt=\"\" class=\"wp-image-1644\" srcset=\"https:\/\/www.eurominority.eu\/wp-content\/uploads\/2020\/05\/Logo-Multinatio_bandesgrises.jpg 963w, https:\/\/www.eurominority.eu\/wp-content\/uploads\/2020\/05\/Logo-Multinatio_bandesgrises-600x16.jpg 600w, https:\/\/www.eurominority.eu\/wp-content\/uploads\/2020\/05\/Logo-Multinatio_bandesgrises-300x8.jpg 300w, https:\/\/www.eurominority.eu\/wp-content\/uploads\/2020\/05\/Logo-Multinatio_bandesgrises-768x21.jpg 768w\" sizes=\"(max-width: 963px) 100vw, 963px\" \/><\/figure><p> On entend par minorit\u00e9s ethniques, tant les minorit\u00e9s nationales que les minorit\u00e9s allog\u00e8nes, \u00e0 savoir les groupes de personnes non autochtones et les communaut\u00e9s \u00e9trang\u00e8res. Les Maghr\u00e9bins en France ou les Turcs en Allemagne sont ainsi consid\u00e9r\u00e9s comme des minorit\u00e9s ethniques. La l\u00e9gislation canadienne les d\u00e9finit comme des \u00ab minorit\u00e9s visibles \u00bb. Le terme \u00ab ethnie \u00bb, d\u00e9riv\u00e9 du grec ancien \u03b5\u03b8\u03bd\u03bf\u03c2, signifie \u00ab peuple \u00bb ou \u00ab nation \u00bb.<\/p><div class=\"wp-block-image\"><figure class=\"aligncenter\"><img loading=\"lazy\" decoding=\"async\" width=\"261\" height=\"71\" src=\"https:\/\/www.eurominority.eu\/wp-content\/uploads\/2020\/05\/Logo-Multinatio_gris-clair-x3.jpg\" alt=\"\" class=\"wp-image-1637\"\/><\/figure><\/div><h2 class=\"wp-block-heading\"> Minorit\u00e9 linguistique <\/h2><figure class=\"wp-block-image\"><img loading=\"lazy\" decoding=\"async\" width=\"963\" height=\"26\" src=\"https:\/\/www.eurominority.eu\/wp-content\/uploads\/2020\/05\/Logo-Multinatio_bandesgrises.jpg\" alt=\"\" class=\"wp-image-1644\" srcset=\"https:\/\/www.eurominority.eu\/wp-content\/uploads\/2020\/05\/Logo-Multinatio_bandesgrises.jpg 963w, https:\/\/www.eurominority.eu\/wp-content\/uploads\/2020\/05\/Logo-Multinatio_bandesgrises-600x16.jpg 600w, https:\/\/www.eurominority.eu\/wp-content\/uploads\/2020\/05\/Logo-Multinatio_bandesgrises-300x8.jpg 300w, https:\/\/www.eurominority.eu\/wp-content\/uploads\/2020\/05\/Logo-Multinatio_bandesgrises-768x21.jpg 768w\" sizes=\"(max-width: 963px) 100vw, 963px\" \/><\/figure><p> Les minorit\u00e9s nationales et ethniques sont souvent des minorit\u00e9s linguistiques. Les Gallois ou les Catalans sont des minorit\u00e9s linguistiques dans les \u00c9tats dont ils d\u00e9pendent, mais ils peuvent difficilement \u00eatre qualifi\u00e9s ainsi, leurs langues respectives \u00e9tant majoritaires sur l\u2019ensemble ou une partie de leur territoire. Dans de rares cas, certains groupes peuvent parler une langue maternelle autre que la majorit\u00e9 de l\u2019\u00c9tat, sans \u00eatre qualifi\u00e9es de minorit\u00e9 nationale ou ethnique. C\u2019est le cas des populations Frenchs de Suisse.<\/p><div class=\"wp-block-image\"><figure class=\"aligncenter\"><img loading=\"lazy\" decoding=\"async\" width=\"261\" height=\"71\" src=\"https:\/\/www.eurominority.eu\/wp-content\/uploads\/2020\/05\/Logo-Multinatio_gris-clair-x3.jpg\" alt=\"\" class=\"wp-image-1637\"\/><\/figure><\/div><h2 class=\"wp-block-heading\"> Minorit\u00e9 religieuse et sexuelle <\/h2><figure class=\"wp-block-image\"><img loading=\"lazy\" decoding=\"async\" width=\"963\" height=\"26\" src=\"https:\/\/www.eurominority.eu\/wp-content\/uploads\/2020\/05\/Logo-Multinatio_bandesgrises.jpg\" alt=\"\" class=\"wp-image-1644\" srcset=\"https:\/\/www.eurominority.eu\/wp-content\/uploads\/2020\/05\/Logo-Multinatio_bandesgrises.jpg 963w, https:\/\/www.eurominority.eu\/wp-content\/uploads\/2020\/05\/Logo-Multinatio_bandesgrises-600x16.jpg 600w, https:\/\/www.eurominority.eu\/wp-content\/uploads\/2020\/05\/Logo-Multinatio_bandesgrises-300x8.jpg 300w, https:\/\/www.eurominority.eu\/wp-content\/uploads\/2020\/05\/Logo-Multinatio_bandesgrises-768x21.jpg 768w\" sizes=\"(max-width: 963px) 100vw, 963px\" \/><\/figure><p> Les minorit\u00e9s religieuses ou sexuelles, m\u00eame si elles n\u2019entrent pas dans le cadre de cet ouvrage, sont souvent cit\u00e9s lorsqu\u2019on \u00e9voque la question des minorit\u00e9s. Parmi les minorit\u00e9s religieuses les plus connues, on peut citer les catholiques d\u2019Irlande du Nord, les juifs du Maroc, les musulmans de Belgique. Les minorit\u00e9s de genre correspondent aux groupes sociologiques diff\u00e9rents en terme de tendances sexuelles. Les homosexuels et les lesbiennes en sont l\u2019exemple le plus caract\u00e9ristique.<\/p><div class=\"wp-block-image\"><figure class=\"aligncenter\"><img loading=\"lazy\" decoding=\"async\" width=\"180\" height=\"73\" src=\"https:\/\/www.eurominority.eu\/wp-content\/uploads\/2020\/05\/Logo-Multinatio_mgris.jpg\" alt=\"\" class=\"wp-image-1653\"\/><\/figure><\/div>","protected":false},"excerpt":{"rendered":"<p>Le terme minorit\u00e9 fait r\u00e9f\u00e9rence \u00e0 plusieurs concepts souvent proches et difficiles \u00e0 appr\u00e9hender. S\u2019il est un fait que ce terme s\u2019oppose la plupart du temps \u00e0 celui de majorit\u00e9, sa d\u00e9finition devient souvent d\u00e9licate quand on l\u2019associe \u00e0 un fait humain. La complexit\u00e9 des rapports humains et la multiplicit\u00e9 des situations rend difficile la recherche d\u2019une d\u00e9finition accept\u00e9e universellement. M\u00eame en droit international, aucune d\u00e9finition du terme \u00ab minorit\u00e9 \u00bb n\u2019existe. Il renvoie \u00e0 des d\u00e9finitions diff\u00e9rentes selon qu\u2019il s\u2019agisse de textes de l\u2019Organisation des Nations Unies (ONU) ou du Conseil de l\u2019Europe. L\u2019ONU emploie plus facilement les termes de \u00ab minorit\u00e9s ethniques, religieuses ou linguistiques \u00bb tandis que les textes europ\u00e9ens emploient le terme de \u00ab minorit\u00e9s nationales \u00bb. Il convient de noter qu\u2019en d\u00e9pit de l\u2019absence d\u2019une d\u00e9finition juridiquement contraignante du terme \u00ab minorit\u00e9 \u00bb, beaucoup s\u2019accordent \u00e0 dire qu\u2019une minorit\u00e9 doit r\u00e9unir des caract\u00e9ristiques objectives (telles que la langue, les traditions ou le patrimoine culturel) et un facteur subjectif, en l\u2019occurrence la volont\u00e9 de ses membres de s\u2019affirmer comme tels, et de revendiquer leur attachement \u00e0 ce qui fait leur identit\u00e9 sp\u00e9cifique. Lors de l\u2019\u00e9laboration des textes europ\u00e9ens de d\u00e9fense des droits des minorit\u00e9s, une des &#8230; <\/p>\n<p class=\"read-more-container\"><a title=\"Qu&rsquo;est-ce qu&rsquo;une minorit\u00e9 ?\" class=\"read-more button\" href=\"https:\/\/www.eurominority.eu\/index.php\/quest-ce-quune-minorite\/#more-1905\">+<span class=\"screen-reader-text\">Qu&rsquo;est-ce qu&rsquo;une minorit\u00e9 ?<\/span><\/a><\/p>\n","protected":false},"author":1,"featured_media":0,"parent":0,"menu_order":0,"comment_status":"closed","ping_status":"closed","template":"","meta":{"om_disable_all_campaigns":false,"_monsterinsights_skip_tracking":false,"_monsterinsights_sitenote_active":false,"_monsterinsights_sitenote_note":"","_monsterinsights_sitenote_category":0,"_uf_show_specific_survey":0,"_uf_disable_surveys":false,"footnotes":""},"class_list":["post-1905","page","type-page","status-publish"],"aioseo_notices":[],"yoast_head":"<!-- This site is optimized with the Yoast SEO plugin v25.6 - https:\/\/yoast.com\/wordpress\/plugins\/seo\/ -->\n<title>Qu&#039;est-ce qu&#039;une minorit\u00e9 ? | Eurominority.eu<\/title>\n<meta name=\"robots\" content=\"index, follow, max-snippet:-1, max-image-preview:large, max-video-preview:-1\" \/>\n<link rel=\"canonical\" href=\"https:\/\/www.eurominority.eu\/index.php\/quest-ce-quune-minorite\/\" \/>\n<meta property=\"og:locale\" content=\"fr_FR\" \/>\n<meta property=\"og:type\" content=\"article\" \/>\n<meta property=\"og:title\" content=\"Qu&#039;est-ce qu&#039;une minorit\u00e9 ? | Eurominority.eu\" \/>\n<meta property=\"og:description\" content=\"Le terme minorit\u00e9 fait r\u00e9f\u00e9rence \u00e0 plusieurs concepts souvent proches et difficiles \u00e0 appr\u00e9hender. S\u2019il est un fait que ce terme s\u2019oppose la plupart du temps \u00e0 celui de majorit\u00e9, sa d\u00e9finition devient souvent d\u00e9licate quand on l\u2019associe \u00e0 un fait humain. La complexit\u00e9 des rapports humains et la multiplicit\u00e9 des situations rend difficile la recherche d\u2019une d\u00e9finition accept\u00e9e universellement. M\u00eame en droit international, aucune d\u00e9finition du terme \u00ab minorit\u00e9 \u00bb n\u2019existe. Il renvoie \u00e0 des d\u00e9finitions diff\u00e9rentes selon qu\u2019il s\u2019agisse de textes de l\u2019Organisation des Nations Unies (ONU) ou du Conseil de l\u2019Europe. L\u2019ONU emploie plus facilement les termes de \u00ab minorit\u00e9s ethniques, religieuses ou linguistiques \u00bb tandis que les textes europ\u00e9ens emploient le terme de \u00ab minorit\u00e9s nationales \u00bb. Il convient de noter qu\u2019en d\u00e9pit de l\u2019absence d\u2019une d\u00e9finition juridiquement contraignante du terme \u00ab minorit\u00e9 \u00bb, beaucoup s\u2019accordent \u00e0 dire qu\u2019une minorit\u00e9 doit r\u00e9unir des caract\u00e9ristiques objectives (telles que la langue, les traditions ou le patrimoine culturel) et un facteur subjectif, en l\u2019occurrence la volont\u00e9 de ses membres de s\u2019affirmer comme tels, et de revendiquer leur attachement \u00e0 ce qui fait leur identit\u00e9 sp\u00e9cifique. Lors de l\u2019\u00e9laboration des textes europ\u00e9ens de d\u00e9fense des droits des minorit\u00e9s, une des ... +Qu&rsquo;est-ce qu&rsquo;une minorit\u00e9 ?\" \/>\n<meta property=\"og:url\" content=\"https:\/\/www.eurominority.eu\/index.php\/quest-ce-quune-minorite\/\" \/>\n<meta property=\"og:site_name\" content=\"Eurominority.eu\" \/>\n<meta property=\"article:modified_time\" content=\"2020-05-06T17:12:54+00:00\" \/>\n<meta name=\"twitter:card\" content=\"summary_large_image\" \/>\n<meta name=\"twitter:label1\" content=\"Dur\u00e9e de lecture estim\u00e9e\" \/>\n\t<meta name=\"twitter:data1\" content=\"3 minutes\" \/>\n<script type=\"application\/ld+json\" class=\"yoast-schema-graph\">{\"@context\":\"https:\/\/schema.org\",\"@graph\":[{\"@type\":\"WebPage\",\"@id\":\"https:\/\/www.eurominority.eu\/index.php\/quest-ce-quune-minorite\/\",\"url\":\"https:\/\/www.eurominority.eu\/index.php\/quest-ce-quune-minorite\/\",\"name\":\"Qu'est-ce qu'une minorit\u00e9 ? | Eurominority.eu\",\"isPartOf\":{\"@id\":\"https:\/\/www.eurominority.eu\/#website\"},\"datePublished\":\"2020-05-06T16:56:19+00:00\",\"dateModified\":\"2020-05-06T17:12:54+00:00\",\"breadcrumb\":{\"@id\":\"https:\/\/www.eurominority.eu\/index.php\/quest-ce-quune-minorite\/#breadcrumb\"},\"inLanguage\":\"fr-FR\",\"potentialAction\":[{\"@type\":\"ReadAction\",\"target\":[\"https:\/\/www.eurominority.eu\/index.php\/quest-ce-quune-minorite\/\"]}]},{\"@type\":\"BreadcrumbList\",\"@id\":\"https:\/\/www.eurominority.eu\/index.php\/quest-ce-quune-minorite\/#breadcrumb\",\"itemListElement\":[{\"@type\":\"ListItem\",\"position\":1,\"name\":\"Accueil\",\"item\":\"https:\/\/www.eurominority.eu\/\"},{\"@type\":\"ListItem\",\"position\":2,\"name\":\"Qu&rsquo;est-ce qu&rsquo;une minorit\u00e9 ?\"}]},{\"@type\":\"WebSite\",\"@id\":\"https:\/\/www.eurominority.eu\/#website\",\"url\":\"https:\/\/www.eurominority.eu\/\",\"name\":\"Eurominority.eu\",\"description\":\"We are the peoples of the world\",\"publisher\":{\"@id\":\"https:\/\/www.eurominority.eu\/#\/schema\/person\/79505440550055e97873102f1e7ab47f\"},\"potentialAction\":[{\"@type\":\"SearchAction\",\"target\":{\"@type\":\"EntryPoint\",\"urlTemplate\":\"https:\/\/www.eurominority.eu\/?s={search_term_string}\"},\"query-input\":{\"@type\":\"PropertyValueSpecification\",\"valueRequired\":true,\"valueName\":\"search_term_string\"}}],\"inLanguage\":\"fr-FR\"},{\"@type\":[\"Person\",\"Organization\"],\"@id\":\"https:\/\/www.eurominority.eu\/#\/schema\/person\/79505440550055e97873102f1e7ab47f\",\"name\":\"Multinatio\",\"image\":{\"@type\":\"ImageObject\",\"inLanguage\":\"fr-FR\",\"@id\":\"https:\/\/www.eurominority.eu\/#\/schema\/person\/image\/\",\"url\":\"https:\/\/www.eurominority.eu\/wp-content\/uploads\/2023\/03\/cropped-Logo-Eurominority.png\",\"contentUrl\":\"https:\/\/www.eurominority.eu\/wp-content\/uploads\/2023\/03\/cropped-Logo-Eurominority.png\",\"width\":1500,\"height\":462,\"caption\":\"Multinatio\"},\"logo\":{\"@id\":\"https:\/\/www.eurominority.eu\/#\/schema\/person\/image\/\"}}]}<\/script>\n<!-- \/ Yoast SEO plugin. -->","yoast_head_json":{"title":"Qu'est-ce qu'une minorit\u00e9 ? | Eurominority.eu","robots":{"index":"index","follow":"follow","max-snippet":"max-snippet:-1","max-image-preview":"max-image-preview:large","max-video-preview":"max-video-preview:-1"},"canonical":"https:\/\/www.eurominority.eu\/index.php\/quest-ce-quune-minorite\/","og_locale":"fr_FR","og_type":"article","og_title":"Qu'est-ce qu'une minorit\u00e9 ? | Eurominority.eu","og_description":"Le terme minorit\u00e9 fait r\u00e9f\u00e9rence \u00e0 plusieurs concepts souvent proches et difficiles \u00e0 appr\u00e9hender. S\u2019il est un fait que ce terme s\u2019oppose la plupart du temps \u00e0 celui de majorit\u00e9, sa d\u00e9finition devient souvent d\u00e9licate quand on l\u2019associe \u00e0 un fait humain. La complexit\u00e9 des rapports humains et la multiplicit\u00e9 des situations rend difficile la recherche d\u2019une d\u00e9finition accept\u00e9e universellement. M\u00eame en droit international, aucune d\u00e9finition du terme \u00ab minorit\u00e9 \u00bb n\u2019existe. Il renvoie \u00e0 des d\u00e9finitions diff\u00e9rentes selon qu\u2019il s\u2019agisse de textes de l\u2019Organisation des Nations Unies (ONU) ou du Conseil de l\u2019Europe. L\u2019ONU emploie plus facilement les termes de \u00ab minorit\u00e9s ethniques, religieuses ou linguistiques \u00bb tandis que les textes europ\u00e9ens emploient le terme de \u00ab minorit\u00e9s nationales \u00bb. Il convient de noter qu\u2019en d\u00e9pit de l\u2019absence d\u2019une d\u00e9finition juridiquement contraignante du terme \u00ab minorit\u00e9 \u00bb, beaucoup s\u2019accordent \u00e0 dire qu\u2019une minorit\u00e9 doit r\u00e9unir des caract\u00e9ristiques objectives (telles que la langue, les traditions ou le patrimoine culturel) et un facteur subjectif, en l\u2019occurrence la volont\u00e9 de ses membres de s\u2019affirmer comme tels, et de revendiquer leur attachement \u00e0 ce qui fait leur identit\u00e9 sp\u00e9cifique. Lors de l\u2019\u00e9laboration des textes europ\u00e9ens de d\u00e9fense des droits des minorit\u00e9s, une des ... +Qu&rsquo;est-ce qu&rsquo;une minorit\u00e9 ?","og_url":"https:\/\/www.eurominority.eu\/index.php\/quest-ce-quune-minorite\/","og_site_name":"Eurominority.eu","article_modified_time":"2020-05-06T17:12:54+00:00","twitter_card":"summary_large_image","twitter_misc":{"Dur\u00e9e de lecture estim\u00e9e":"3 minutes"},"schema":{"@context":"https:\/\/schema.org","@graph":[{"@type":"WebPage","@id":"https:\/\/www.eurominority.eu\/index.php\/quest-ce-quune-minorite\/","url":"https:\/\/www.eurominority.eu\/index.php\/quest-ce-quune-minorite\/","name":"Qu'est-ce qu'une minorit\u00e9 ? | Eurominority.eu","isPartOf":{"@id":"https:\/\/www.eurominority.eu\/#website"},"datePublished":"2020-05-06T16:56:19+00:00","dateModified":"2020-05-06T17:12:54+00:00","breadcrumb":{"@id":"https:\/\/www.eurominority.eu\/index.php\/quest-ce-quune-minorite\/#breadcrumb"},"inLanguage":"fr-FR","potentialAction":[{"@type":"ReadAction","target":["https:\/\/www.eurominority.eu\/index.php\/quest-ce-quune-minorite\/"]}]},{"@type":"BreadcrumbList","@id":"https:\/\/www.eurominority.eu\/index.php\/quest-ce-quune-minorite\/#breadcrumb","itemListElement":[{"@type":"ListItem","position":1,"name":"Accueil","item":"https:\/\/www.eurominority.eu\/"},{"@type":"ListItem","position":2,"name":"Qu&rsquo;est-ce qu&rsquo;une minorit\u00e9 ?"}]},{"@type":"WebSite","@id":"https:\/\/www.eurominority.eu\/#website","url":"https:\/\/www.eurominority.eu\/","name":"Eurominority.eu","description":"We are the peoples of the world","publisher":{"@id":"https:\/\/www.eurominority.eu\/#\/schema\/person\/79505440550055e97873102f1e7ab47f"},"potentialAction":[{"@type":"SearchAction","target":{"@type":"EntryPoint","urlTemplate":"https:\/\/www.eurominority.eu\/?s={search_term_string}"},"query-input":{"@type":"PropertyValueSpecification","valueRequired":true,"valueName":"search_term_string"}}],"inLanguage":"fr-FR"},{"@type":["Person","Organization"],"@id":"https:\/\/www.eurominority.eu\/#\/schema\/person\/79505440550055e97873102f1e7ab47f","name":"Multinatio","image":{"@type":"ImageObject","inLanguage":"fr-FR","@id":"https:\/\/www.eurominority.eu\/#\/schema\/person\/image\/","url":"https:\/\/www.eurominority.eu\/wp-content\/uploads\/2023\/03\/cropped-Logo-Eurominority.png","contentUrl":"https:\/\/www.eurominority.eu\/wp-content\/uploads\/2023\/03\/cropped-Logo-Eurominority.png","width":1500,"height":462,"caption":"Multinatio"},"logo":{"@id":"https:\/\/www.eurominority.eu\/#\/schema\/person\/image\/"}}]}},"_links":{"self":[{"href":"https:\/\/www.eurominority.eu\/index.php\/wp-json\/wp\/v2\/pages\/1905"}],"collection":[{"href":"https:\/\/www.eurominority.eu\/index.php\/wp-json\/wp\/v2\/pages"}],"about":[{"href":"https:\/\/www.eurominority.eu\/index.php\/wp-json\/wp\/v2\/types\/page"}],"author":[{"embeddable":true,"href":"https:\/\/www.eurominority.eu\/index.php\/wp-json\/wp\/v2\/users\/1"}],"replies":[{"embeddable":true,"href":"https:\/\/www.eurominority.eu\/index.php\/wp-json\/wp\/v2\/comments?post=1905"}],"version-history":[{"count":3,"href":"https:\/\/www.eurominority.eu\/index.php\/wp-json\/wp\/v2\/pages\/1905\/revisions"}],"predecessor-version":[{"id":1921,"href":"https:\/\/www.eurominority.eu\/index.php\/wp-json\/wp\/v2\/pages\/1905\/revisions\/1921"}],"wp:attachment":[{"href":"https:\/\/www.eurominority.eu\/index.php\/wp-json\/wp\/v2\/media?parent=1905"}],"curies":[{"name":"wp","href":"https:\/\/api.w.org\/{rel}","templated":true}]}}