{"id":2453,"date":"2020-07-27T21:11:11","date_gmt":"2020-07-27T19:11:11","guid":{"rendered":"https:\/\/www.eurominority.eu\/index.php\/produit\/import-placeholder-for-3303\/"},"modified":"2024-01-22T21:10:46","modified_gmt":"2024-01-22T20:10:46","slug":"carte-des-nations-deurope-multilingue","status":"publish","type":"product","link":"https:\/\/www.eurominority.eu\/index.php\/produit\/carte-des-nations-deurope-multilingue\/","title":{"rendered":"Carte des nations d&rsquo;Europe (multilingue)"},"content":{"rendered":"<p>Carte des nations europ\u00e9ennes, selon les peuples qui constitue l&rsquo;Europe. Nations sans \u00c9tat et pays souverains sont repr\u00e9sent\u00e9s sur cette carte originale. Les r\u00e9gions et les provinces historiques de chaque nation trouvent \u00e9galement leur place. Catalogne, Ecosse, Flandre, Corse, Bretagne, Galice, Pays Basque ou Pays de Galles sont repr\u00e9sent\u00e9s \u00e0 \u00e9galit\u00e9 avec la France, l&rsquo;Espagne, l&rsquo;Italie ou la Grande-Bretagne.<\/p>\n<p>Une cr\u00e9ation originale Eurominority.eu (Mikael Bodlore-Penlaez)<\/p>\n<p>Format recommand\u00e9 : 83,3 x 59,5 cm (19,01 \u20ac)<\/p>\n","protected":false},"excerpt":{"rendered":"<p>Carte des nations europ\u00e9ennes, selon les peuples qui constitue l&rsquo;Europe. Nations sans \u00c9tat et pays souverains sont repr\u00e9sent\u00e9s sur cette carte originale. Les r\u00e9gions et les provinces historiques de chaque nation trouvent \u00e9galement leur place. Catalogne, Ecosse, Flandre, Corse, Bretagne, Galice, Pays Basque ou Pays de Galles sont repr\u00e9sent\u00e9s \u00e0 \u00e9galit\u00e9 avec la France, l&rsquo;Espagne, l&rsquo;Italie ou la Grande-Bretagne. Une cr\u00e9ation originale Eurominority.eu (Mikael Bodlore-Penlaez) Format recommand\u00e9 : 83,3 x 59,5 cm (19,01 \u20ac)<\/p>\n","protected":false},"featured_media":2357,"comment_status":"open","ping_status":"closed","template":"","meta":{"om_disable_all_campaigns":false,"_monsterinsights_skip_tracking":false,"_monsterinsights_sitenote_active":false,"_monsterinsights_sitenote_note":"","_monsterinsights_sitenote_category":0,"_uf_show_specific_survey":0,"_uf_disable_surveys":false},"product_brand":[],"product_cat":[64],"product_tag":[],"class_list":{"0":"post-2453","1":"product","2":"type-product","3":"status-publish","4":"has-post-thumbnail","6":"product_cat-cartes-deurope","8":"first","9":"instock","10":"shipping-taxable","11":"product-type-external"},"aioseo_notices":[],"yoast_head":"<!-- This site is optimized with the Yoast SEO plugin v25.6 - https:\/\/yoast.com\/wordpress\/plugins\/seo\/ -->\n<title>Carte des nations d&#039;Europe (multilingue) | Eurominority.eu<\/title>\n<meta name=\"robots\" content=\"index, follow, max-snippet:-1, max-image-preview:large, max-video-preview:-1\" \/>\n<link rel=\"canonical\" href=\"https:\/\/www.eurominority.eu\/index.php\/produit\/carte-des-nations-deurope-multilingue\/\" \/>\n<meta property=\"og:locale\" content=\"fr_FR\" \/>\n<meta property=\"og:type\" content=\"article\" \/>\n<meta property=\"og:title\" content=\"Carte des nations d&#039;Europe (multilingue) | Eurominority.eu\" \/>\n<meta property=\"og:description\" content=\"Carte des nations europ\u00e9ennes, selon les peuples qui constitue l&rsquo;Europe. Nations sans \u00c9tat et pays souverains sont repr\u00e9sent\u00e9s sur cette carte originale. Les r\u00e9gions et les provinces historiques de chaque nation trouvent \u00e9galement leur place. Catalogne, Ecosse, Flandre, Corse, Bretagne, Galice, Pays Basque ou Pays de Galles sont repr\u00e9sent\u00e9s \u00e0 \u00e9galit\u00e9 avec la France, l&rsquo;Espagne, l&rsquo;Italie ou la Grande-Bretagne. Une cr\u00e9ation originale Eurominority.eu (Mikael Bodlore-Penlaez) Format recommand\u00e9 : 83,3 x 59,5 cm (19,01 \u20ac)\" \/>\n<meta property=\"og:url\" content=\"https:\/\/www.eurominority.eu\/index.php\/produit\/carte-des-nations-deurope-multilingue\/\" \/>\n<meta property=\"og:site_name\" content=\"Eurominority.eu\" \/>\n<meta property=\"article:modified_time\" content=\"2024-01-22T20:10:46+00:00\" \/>\n<meta property=\"og:image\" content=\"https:\/\/www.eurominority.eu\/wp-content\/uploads\/2020\/06\/2020-04_Poster_Europe-f\u00e9d\u00e9rale_Multinatio-1024x731.jpg\" \/>\n\t<meta property=\"og:image:width\" content=\"1024\" \/>\n\t<meta property=\"og:image:height\" content=\"731\" \/>\n\t<meta property=\"og:image:type\" content=\"image\/jpeg\" \/>\n<meta name=\"twitter:card\" content=\"summary_large_image\" \/>\n<script type=\"application\/ld+json\" class=\"yoast-schema-graph\">{\"@context\":\"https:\/\/schema.org\",\"@graph\":[{\"@type\":\"WebPage\",\"@id\":\"https:\/\/www.eurominority.eu\/index.php\/produit\/carte-des-nations-deurope-multilingue\/\",\"url\":\"https:\/\/www.eurominority.eu\/index.php\/produit\/carte-des-nations-deurope-multilingue\/\",\"name\":\"Carte des nations d'Europe (multilingue) | Eurominority.eu\",\"isPartOf\":{\"@id\":\"https:\/\/www.eurominority.eu\/#website\"},\"primaryImageOfPage\":{\"@id\":\"https:\/\/www.eurominority.eu\/index.php\/produit\/carte-des-nations-deurope-multilingue\/#primaryimage\"},\"image\":{\"@id\":\"https:\/\/www.eurominority.eu\/index.php\/produit\/carte-des-nations-deurope-multilingue\/#primaryimage\"},\"thumbnailUrl\":\"https:\/\/www.eurominority.eu\/wp-content\/uploads\/2020\/06\/2020-04_Poster_Europe-f\u00e9d\u00e9rale_Multinatio.jpg\",\"datePublished\":\"2020-07-27T19:11:11+00:00\",\"dateModified\":\"2024-01-22T20:10:46+00:00\",\"breadcrumb\":{\"@id\":\"https:\/\/www.eurominority.eu\/index.php\/produit\/carte-des-nations-deurope-multilingue\/#breadcrumb\"},\"inLanguage\":\"fr-FR\",\"potentialAction\":[{\"@type\":\"ReadAction\",\"target\":[\"https:\/\/www.eurominority.eu\/index.php\/produit\/carte-des-nations-deurope-multilingue\/\"]}]},{\"@type\":\"ImageObject\",\"inLanguage\":\"fr-FR\",\"@id\":\"https:\/\/www.eurominority.eu\/index.php\/produit\/carte-des-nations-deurope-multilingue\/#primaryimage\",\"url\":\"https:\/\/www.eurominority.eu\/wp-content\/uploads\/2020\/06\/2020-04_Poster_Europe-f\u00e9d\u00e9rale_Multinatio.jpg\",\"contentUrl\":\"https:\/\/www.eurominority.eu\/wp-content\/uploads\/2020\/06\/2020-04_Poster_Europe-f\u00e9d\u00e9rale_Multinatio.jpg\",\"width\":2100,\"height\":1500},{\"@type\":\"BreadcrumbList\",\"@id\":\"https:\/\/www.eurominority.eu\/index.php\/produit\/carte-des-nations-deurope-multilingue\/#breadcrumb\",\"itemListElement\":[{\"@type\":\"ListItem\",\"position\":1,\"name\":\"Accueil\",\"item\":\"https:\/\/www.eurominority.eu\/\"},{\"@type\":\"ListItem\",\"position\":2,\"name\":\"Boutique\",\"item\":\"https:\/\/www.eurominority.eu\/index.php\/boutique\/\"},{\"@type\":\"ListItem\",\"position\":3,\"name\":\"Carte des nations d&rsquo;Europe (multilingue)\"}]},{\"@type\":\"WebSite\",\"@id\":\"https:\/\/www.eurominority.eu\/#website\",\"url\":\"https:\/\/www.eurominority.eu\/\",\"name\":\"Eurominority.eu\",\"description\":\"We are the peoples of the world\",\"publisher\":{\"@id\":\"https:\/\/www.eurominority.eu\/#\/schema\/person\/79505440550055e97873102f1e7ab47f\"},\"potentialAction\":[{\"@type\":\"SearchAction\",\"target\":{\"@type\":\"EntryPoint\",\"urlTemplate\":\"https:\/\/www.eurominority.eu\/?s={search_term_string}\"},\"query-input\":{\"@type\":\"PropertyValueSpecification\",\"valueRequired\":true,\"valueName\":\"search_term_string\"}}],\"inLanguage\":\"fr-FR\"},{\"@type\":[\"Person\",\"Organization\"],\"@id\":\"https:\/\/www.eurominority.eu\/#\/schema\/person\/79505440550055e97873102f1e7ab47f\",\"name\":\"Multinatio\",\"image\":{\"@type\":\"ImageObject\",\"inLanguage\":\"fr-FR\",\"@id\":\"https:\/\/www.eurominority.eu\/#\/schema\/person\/image\/\",\"url\":\"https:\/\/www.eurominority.eu\/wp-content\/uploads\/2023\/03\/cropped-Logo-Eurominority.png\",\"contentUrl\":\"https:\/\/www.eurominority.eu\/wp-content\/uploads\/2023\/03\/cropped-Logo-Eurominority.png\",\"width\":1500,\"height\":462,\"caption\":\"Multinatio\"},\"logo\":{\"@id\":\"https:\/\/www.eurominority.eu\/#\/schema\/person\/image\/\"}}]}<\/script>\n<!-- \/ Yoast SEO plugin. -->","yoast_head_json":{"title":"Carte des nations d'Europe (multilingue) | Eurominority.eu","robots":{"index":"index","follow":"follow","max-snippet":"max-snippet:-1","max-image-preview":"max-image-preview:large","max-video-preview":"max-video-preview:-1"},"canonical":"https:\/\/www.eurominority.eu\/index.php\/produit\/carte-des-nations-deurope-multilingue\/","og_locale":"fr_FR","og_type":"article","og_title":"Carte des nations d'Europe (multilingue) | Eurominority.eu","og_description":"Carte des nations europ\u00e9ennes, selon les peuples qui constitue l&rsquo;Europe. Nations sans \u00c9tat et pays souverains sont repr\u00e9sent\u00e9s sur cette carte originale. Les r\u00e9gions et les provinces historiques de chaque nation trouvent \u00e9galement leur place. Catalogne, Ecosse, Flandre, Corse, Bretagne, Galice, Pays Basque ou Pays de Galles sont repr\u00e9sent\u00e9s \u00e0 \u00e9galit\u00e9 avec la France, l&rsquo;Espagne, l&rsquo;Italie ou la Grande-Bretagne. Une cr\u00e9ation originale Eurominority.eu (Mikael Bodlore-Penlaez) Format recommand\u00e9 : 83,3 x 59,5 cm (19,01 \u20ac)","og_url":"https:\/\/www.eurominority.eu\/index.php\/produit\/carte-des-nations-deurope-multilingue\/","og_site_name":"Eurominority.eu","article_modified_time":"2024-01-22T20:10:46+00:00","og_image":[{"width":1024,"height":731,"url":"https:\/\/www.eurominority.eu\/wp-content\/uploads\/2020\/06\/2020-04_Poster_Europe-f\u00e9d\u00e9rale_Multinatio-1024x731.jpg","type":"image\/jpeg"}],"twitter_card":"summary_large_image","schema":{"@context":"https:\/\/schema.org","@graph":[{"@type":"WebPage","@id":"https:\/\/www.eurominority.eu\/index.php\/produit\/carte-des-nations-deurope-multilingue\/","url":"https:\/\/www.eurominority.eu\/index.php\/produit\/carte-des-nations-deurope-multilingue\/","name":"Carte des nations d'Europe (multilingue) | Eurominority.eu","isPartOf":{"@id":"https:\/\/www.eurominority.eu\/#website"},"primaryImageOfPage":{"@id":"https:\/\/www.eurominority.eu\/index.php\/produit\/carte-des-nations-deurope-multilingue\/#primaryimage"},"image":{"@id":"https:\/\/www.eurominority.eu\/index.php\/produit\/carte-des-nations-deurope-multilingue\/#primaryimage"},"thumbnailUrl":"https:\/\/www.eurominority.eu\/wp-content\/uploads\/2020\/06\/2020-04_Poster_Europe-f\u00e9d\u00e9rale_Multinatio.jpg","datePublished":"2020-07-27T19:11:11+00:00","dateModified":"2024-01-22T20:10:46+00:00","breadcrumb":{"@id":"https:\/\/www.eurominority.eu\/index.php\/produit\/carte-des-nations-deurope-multilingue\/#breadcrumb"},"inLanguage":"fr-FR","potentialAction":[{"@type":"ReadAction","target":["https:\/\/www.eurominority.eu\/index.php\/produit\/carte-des-nations-deurope-multilingue\/"]}]},{"@type":"ImageObject","inLanguage":"fr-FR","@id":"https:\/\/www.eurominority.eu\/index.php\/produit\/carte-des-nations-deurope-multilingue\/#primaryimage","url":"https:\/\/www.eurominority.eu\/wp-content\/uploads\/2020\/06\/2020-04_Poster_Europe-f\u00e9d\u00e9rale_Multinatio.jpg","contentUrl":"https:\/\/www.eurominority.eu\/wp-content\/uploads\/2020\/06\/2020-04_Poster_Europe-f\u00e9d\u00e9rale_Multinatio.jpg","width":2100,"height":1500},{"@type":"BreadcrumbList","@id":"https:\/\/www.eurominority.eu\/index.php\/produit\/carte-des-nations-deurope-multilingue\/#breadcrumb","itemListElement":[{"@type":"ListItem","position":1,"name":"Accueil","item":"https:\/\/www.eurominority.eu\/"},{"@type":"ListItem","position":2,"name":"Boutique","item":"https:\/\/www.eurominority.eu\/index.php\/boutique\/"},{"@type":"ListItem","position":3,"name":"Carte des nations d&rsquo;Europe (multilingue)"}]},{"@type":"WebSite","@id":"https:\/\/www.eurominority.eu\/#website","url":"https:\/\/www.eurominority.eu\/","name":"Eurominority.eu","description":"We are the peoples of the world","publisher":{"@id":"https:\/\/www.eurominority.eu\/#\/schema\/person\/79505440550055e97873102f1e7ab47f"},"potentialAction":[{"@type":"SearchAction","target":{"@type":"EntryPoint","urlTemplate":"https:\/\/www.eurominority.eu\/?s={search_term_string}"},"query-input":{"@type":"PropertyValueSpecification","valueRequired":true,"valueName":"search_term_string"}}],"inLanguage":"fr-FR"},{"@type":["Person","Organization"],"@id":"https:\/\/www.eurominority.eu\/#\/schema\/person\/79505440550055e97873102f1e7ab47f","name":"Multinatio","image":{"@type":"ImageObject","inLanguage":"fr-FR","@id":"https:\/\/www.eurominority.eu\/#\/schema\/person\/image\/","url":"https:\/\/www.eurominority.eu\/wp-content\/uploads\/2023\/03\/cropped-Logo-Eurominority.png","contentUrl":"https:\/\/www.eurominority.eu\/wp-content\/uploads\/2023\/03\/cropped-Logo-Eurominority.png","width":1500,"height":462,"caption":"Multinatio"},"logo":{"@id":"https:\/\/www.eurominority.eu\/#\/schema\/person\/image\/"}}]}},"_links":{"self":[{"href":"https:\/\/www.eurominority.eu\/index.php\/wp-json\/wp\/v2\/product\/2453"}],"collection":[{"href":"https:\/\/www.eurominority.eu\/index.php\/wp-json\/wp\/v2\/product"}],"about":[{"href":"https:\/\/www.eurominority.eu\/index.php\/wp-json\/wp\/v2\/types\/product"}],"replies":[{"embeddable":true,"href":"https:\/\/www.eurominority.eu\/index.php\/wp-json\/wp\/v2\/comments?post=2453"}],"wp:featuredmedia":[{"embeddable":true,"href":"https:\/\/www.eurominority.eu\/index.php\/wp-json\/wp\/v2\/media\/2357"}],"wp:attachment":[{"href":"https:\/\/www.eurominority.eu\/index.php\/wp-json\/wp\/v2\/media?parent=2453"}],"wp:term":[{"taxonomy":"product_brand","embeddable":true,"href":"https:\/\/www.eurominority.eu\/index.php\/wp-json\/wp\/v2\/product_brand?post=2453"},{"taxonomy":"product_cat","embeddable":true,"href":"https:\/\/www.eurominority.eu\/index.php\/wp-json\/wp\/v2\/product_cat?post=2453"},{"taxonomy":"product_tag","embeddable":true,"href":"https:\/\/www.eurominority.eu\/index.php\/wp-json\/wp\/v2\/product_tag?post=2453"}],"curies":[{"name":"wp","href":"https:\/\/api.w.org\/{rel}","templated":true}]}}

<p>Carte des nations européennes, selon les peuples qui constitue l&rsquo;Europe. Nations sans État et pays souverains sont représentés sur cette carte originale. Les régions et les provinces historiques de chaque nation trouvent également leur place. Catalogne, Ecosse, Flandre, Corse, Bretagne, Galice, Pays Basque ou Pays de Galles sont représentés à égalité avec la France, l&rsquo;Espagne, l&rsquo;Italie ou la Grande-Bretagne.</p>
<p>Une création originale Eurominority.eu (Mikael Bodlore-Penlaez)</p>
<p>Format recommandé : 83,3 x 59,5 cm (19,01 €)</p>

<p>Carte des nations européennes, selon les peuples qui constitue l&rsquo;Europe. Nations sans État et pays souverains sont représentés sur cette carte originale. Les régions et les provinces historiques de chaque nation trouvent également leur place. Catalogne, Ecosse, Flandre, Corse, Bretagne, Galice, Pays Basque ou Pays de Galles sont représentés à égalité avec la France, l&rsquo;Espagne, l&rsquo;Italie ou la Grande-Bretagne. Une création originale Eurominority.eu (Mikael Bodlore-Penlaez) Format recommandé : 83,3 x 59,5 cm (19,01 €)</p>

<!-- This site is optimized with the Yoast SEO plugin v25.6 - https://yoast.com/wordpress/plugins/seo/ -->
<title>Carte des nations d&#039;Europe (multilingue) | Eurominority.eu</title>
<meta name="robots" content="index, follow, max-snippet:-1, max-image-preview:large, max-video-preview:-1" />
<link rel="canonical" href="https://www.eurominority.eu/index.php/produit/carte-des-nations-deurope-multilingue/" />
<meta property="og:locale" content="fr_FR" />
<meta property="og:type" content="article" />
<meta property="og:title" content="Carte des nations d&#039;Europe (multilingue) | Eurominority.eu" />
<meta property="og:description" content="Carte des nations européennes, selon les peuples qui constitue l&rsquo;Europe. Nations sans État et pays souverains sont représentés sur cette carte originale. Les régions et les provinces historiques de chaque nation trouvent également leur place. Catalogne, Ecosse, Flandre, Corse, Bretagne, Galice, Pays Basque ou Pays de Galles sont représentés à égalité avec la France, l&rsquo;Espagne, l&rsquo;Italie ou la Grande-Bretagne. Une création originale Eurominority.eu (Mikael Bodlore-Penlaez) Format recommandé : 83,3 x 59,5 cm (19,01 €)" />
<meta property="og:url" content="https://www.eurominority.eu/index.php/produit/carte-des-nations-deurope-multilingue/" />
<meta property="og:site_name" content="Eurominority.eu" />
<meta property="article:modified_time" content="2024-01-22T20:10:46+00:00" />
<meta property="og:image" content="https://www.eurominority.eu/wp-content/uploads/2020/06/2020-04_Poster_Europe-fédérale_Multinatio-1024x731.jpg" />
	<meta property="og:image:width" content="1024" />
	<meta property="og:image:height" content="731" />
	<meta property="og:image:type" content="image/jpeg" />
<meta name="twitter:card" content="summary_large_image" />
<script type="application/ld+json" class="yoast-schema-graph">{"@context":"https://schema.org","@graph":[{"@type":"WebPage","@id":"https://www.eurominority.eu/index.php/produit/carte-des-nations-deurope-multilingue/","url":"https://www.eurominority.eu/index.php/produit/carte-des-nations-deurope-multilingue/","name":"Carte des nations d'Europe (multilingue) | Eurominority.eu","isPartOf":{"@id":"https://www.eurominority.eu/#website"},"primaryImageOfPage":{"@id":"https://www.eurominority.eu/index.php/produit/carte-des-nations-deurope-multilingue/#primaryimage"},"image":{"@id":"https://www.eurominority.eu/index.php/produit/carte-des-nations-deurope-multilingue/#primaryimage"},"thumbnailUrl":"https://www.eurominority.eu/wp-content/uploads/2020/06/2020-04_Poster_Europe-fédérale_Multinatio.jpg","datePublished":"2020-07-27T19:11:11+00:00","dateModified":"2024-01-22T20:10:46+00:00","breadcrumb":{"@id":"https://www.eurominority.eu/index.php/produit/carte-des-nations-deurope-multilingue/#breadcrumb"},"inLanguage":"fr-FR","potentialAction":[{"@type":"ReadAction","target":["https://www.eurominority.eu/index.php/produit/carte-des-nations-deurope-multilingue/"]}]},{"@type":"ImageObject","inLanguage":"fr-FR","@id":"https://www.eurominority.eu/index.php/produit/carte-des-nations-deurope-multilingue/#primaryimage","url":"https://www.eurominority.eu/wp-content/uploads/2020/06/2020-04_Poster_Europe-fédérale_Multinatio.jpg","contentUrl":"https://www.eurominority.eu/wp-content/uploads/2020/06/2020-04_Poster_Europe-fédérale_Multinatio.jpg","width":2100,"height":1500},{"@type":"BreadcrumbList","@id":"https://www.eurominority.eu/index.php/produit/carte-des-nations-deurope-multilingue/#breadcrumb","itemListElement":[{"@type":"ListItem","position":1,"name":"Accueil","item":"https://www.eurominority.eu/"},{"@type":"ListItem","position":2,"name":"Boutique","item":"https://www.eurominority.eu/index.php/boutique/"},{"@type":"ListItem","position":3,"name":"Carte des nations d&rsquo;Europe (multilingue)"}]},{"@type":"WebSite","@id":"https://www.eurominority.eu/#website","url":"https://www.eurominority.eu/","name":"Eurominority.eu","description":"We are the peoples of the world","publisher":{"@id":"https://www.eurominority.eu/#/schema/person/79505440550055e97873102f1e7ab47f"},"potentialAction":[{"@type":"SearchAction","target":{"@type":"EntryPoint","urlTemplate":"https://www.eurominority.eu/?s={search_term_string}"},"query-input":{"@type":"PropertyValueSpecification","valueRequired":true,"valueName":"search_term_string"}}],"inLanguage":"fr-FR"},{"@type":["Person","Organization"],"@id":"https://www.eurominority.eu/#/schema/person/79505440550055e97873102f1e7ab47f","name":"Multinatio","image":{"@type":"ImageObject","inLanguage":"fr-FR","@id":"https://www.eurominority.eu/#/schema/person/image/","url":"https://www.eurominority.eu/wp-content/uploads/2023/03/cropped-Logo-Eurominority.png","contentUrl":"https://www.eurominority.eu/wp-content/uploads/2023/03/cropped-Logo-Eurominority.png","width":1500,"height":462,"caption":"Multinatio"},"logo":{"@id":"https://www.eurominority.eu/#/schema/person/image/"}}]}</script>
<!-- / Yoast SEO plugin. -->

Carte des nations européennes, selon les peuples qui constitue l&rsquo;Europe. Nations sans État et pays souverains sont représentés sur cette carte originale. Les régions et les provinces historiques de chaque nation trouvent également leur place. Catalogne, Ecosse, Flandre, Corse, Bretagne, Galice, Pays Basque ou Pays de Galles sont représentés à égalité avec la France, l&rsquo;Espagne, l&rsquo;Italie ou la Grande-Bretagne. Une création originale Eurominority.eu (Mikael Bodlore-Penlaez) Format recommandé : 83,3 x 59,5 cm (19,01 €)

https://www.eurominority.eu/wp-content/uploads/2020/06/2020-04_Poster_Europe-fédérale_Multinatio-1024x731.jpg

https://www.eurominority.eu/wp-content/uploads/2020/06/2020-04_Poster_Europe-fédérale_Multinatio.jpg
