{"id":2455,"date":"2020-07-27T21:11:12","date_gmt":"2020-07-27T19:11:12","guid":{"rendered":"https:\/\/www.eurominority.eu\/index.php\/produit\/import-placeholder-for-3305\/"},"modified":"2025-07-27T06:57:48","modified_gmt":"2025-07-27T04:57:48","slug":"european-languages-carte-des-langues-deurope","status":"publish","type":"product","link":"https:\/\/www.eurominority.eu\/index.php\/produit\/european-languages-carte-des-langues-deurope\/","title":{"rendered":"\u00ab\u00a0European languages\u00a0\u00bb : Carte des langues d&rsquo;Europe"},"content":{"rendered":"<p>Carte des langues europ\u00e9ennes, et de leur vari\u00e9t\u00e9 dialectale. Toutes les langues d&rsquo;Europe y sont repr\u00e9sent\u00e9es. Langues officielles et minoritaires, langues nationales et r\u00e9gionales. Anglais, fran\u00e7ais, italien, polonais, su\u00e9dois, breton, basque, catalan, corse ou gallois sont repr\u00e9sent\u00e9s \u00e0 \u00e9galit\u00e9 de traitement.<\/p>\n<p>Une cr\u00e9ation originale Eurominority.eu (Mikael Bodlore-Penlaez)<\/p>\n<p>Format recommand\u00e9 : 83,3 x 59,5 cm (19,01 \u20ac)<\/p>\n","protected":false},"excerpt":{"rendered":"<p>Carte des langues europ\u00e9ennes, et de leur vari\u00e9t\u00e9 dialectale. Toutes les langues d&rsquo;Europe y sont repr\u00e9sent\u00e9es. Langues officielles et minoritaires, langues nationales et r\u00e9gionales. Anglais, fran\u00e7ais, italien, polonais, su\u00e9dois, breton, basque, catalan, corse ou gallois sont repr\u00e9sent\u00e9s \u00e0 \u00e9galit\u00e9 de traitement. Une cr\u00e9ation originale Eurominority.eu (Mikael Bodlore-Penlaez) Format recommand\u00e9 : 83,3 x 59,5 cm (19,01 \u20ac)<\/p>\n","protected":false},"featured_media":2468,"comment_status":"open","ping_status":"closed","template":"","meta":{"om_disable_all_campaigns":false,"_monsterinsights_skip_tracking":false,"_monsterinsights_sitenote_active":false,"_monsterinsights_sitenote_note":"","_monsterinsights_sitenote_category":0,"_uf_show_specific_survey":0,"_uf_disable_surveys":false},"product_brand":[],"product_cat":[64],"product_tag":[],"class_list":{"0":"post-2455","1":"product","2":"type-product","3":"status-publish","4":"has-post-thumbnail","6":"product_cat-cartes-deurope","8":"first","9":"instock","10":"shipping-taxable","11":"product-type-external"},"aioseo_notices":[],"yoast_head":"<!-- This site is optimized with the Yoast SEO plugin v25.6 - https:\/\/yoast.com\/wordpress\/plugins\/seo\/ -->\n<title>&quot;European languages&quot; : Carte des langues d&#039;Europe | Eurominority.eu<\/title>\n<meta name=\"robots\" content=\"index, follow, max-snippet:-1, max-image-preview:large, max-video-preview:-1\" \/>\n<link rel=\"canonical\" href=\"https:\/\/www.eurominority.eu\/index.php\/produit\/european-languages-carte-des-langues-deurope\/\" \/>\n<meta property=\"og:locale\" content=\"fr_FR\" \/>\n<meta property=\"og:type\" content=\"article\" \/>\n<meta property=\"og:title\" content=\"&quot;European languages&quot; : Carte des langues d&#039;Europe | Eurominority.eu\" \/>\n<meta property=\"og:description\" content=\"Carte des langues europ\u00e9ennes, et de leur vari\u00e9t\u00e9 dialectale. Toutes les langues d&rsquo;Europe y sont repr\u00e9sent\u00e9es. Langues officielles et minoritaires, langues nationales et r\u00e9gionales. Anglais, fran\u00e7ais, italien, polonais, su\u00e9dois, breton, basque, catalan, corse ou gallois sont repr\u00e9sent\u00e9s \u00e0 \u00e9galit\u00e9 de traitement. Une cr\u00e9ation originale Eurominority.eu (Mikael Bodlore-Penlaez) Format recommand\u00e9 : 83,3 x 59,5 cm (19,01 \u20ac)\" \/>\n<meta property=\"og:url\" content=\"https:\/\/www.eurominority.eu\/index.php\/produit\/european-languages-carte-des-langues-deurope\/\" \/>\n<meta property=\"og:site_name\" content=\"Eurominority.eu\" \/>\n<meta property=\"article:modified_time\" content=\"2025-07-27T04:57:48+00:00\" \/>\n<meta property=\"og:image\" content=\"https:\/\/www.eurominority.eu\/wp-content\/uploads\/2020\/08\/2020-04_Poster_Europe-langues_Multinatio-1024x731.jpg\" \/>\n\t<meta property=\"og:image:width\" content=\"1024\" \/>\n\t<meta property=\"og:image:height\" content=\"731\" \/>\n\t<meta property=\"og:image:type\" content=\"image\/jpeg\" \/>\n<meta name=\"twitter:card\" content=\"summary_large_image\" \/>\n<script type=\"application\/ld+json\" class=\"yoast-schema-graph\">{\"@context\":\"https:\/\/schema.org\",\"@graph\":[{\"@type\":\"WebPage\",\"@id\":\"https:\/\/www.eurominority.eu\/index.php\/produit\/european-languages-carte-des-langues-deurope\/\",\"url\":\"https:\/\/www.eurominority.eu\/index.php\/produit\/european-languages-carte-des-langues-deurope\/\",\"name\":\"\\\"European languages\\\" : Carte des langues d'Europe | Eurominority.eu\",\"isPartOf\":{\"@id\":\"https:\/\/www.eurominority.eu\/#website\"},\"primaryImageOfPage\":{\"@id\":\"https:\/\/www.eurominority.eu\/index.php\/produit\/european-languages-carte-des-langues-deurope\/#primaryimage\"},\"image\":{\"@id\":\"https:\/\/www.eurominority.eu\/index.php\/produit\/european-languages-carte-des-langues-deurope\/#primaryimage\"},\"thumbnailUrl\":\"https:\/\/www.eurominority.eu\/wp-content\/uploads\/2020\/08\/2020-04_Poster_Europe-langues_Multinatio.jpg\",\"datePublished\":\"2020-07-27T19:11:12+00:00\",\"dateModified\":\"2025-07-27T04:57:48+00:00\",\"breadcrumb\":{\"@id\":\"https:\/\/www.eurominority.eu\/index.php\/produit\/european-languages-carte-des-langues-deurope\/#breadcrumb\"},\"inLanguage\":\"fr-FR\",\"potentialAction\":[{\"@type\":\"ReadAction\",\"target\":[\"https:\/\/www.eurominority.eu\/index.php\/produit\/european-languages-carte-des-langues-deurope\/\"]}]},{\"@type\":\"ImageObject\",\"inLanguage\":\"fr-FR\",\"@id\":\"https:\/\/www.eurominority.eu\/index.php\/produit\/european-languages-carte-des-langues-deurope\/#primaryimage\",\"url\":\"https:\/\/www.eurominority.eu\/wp-content\/uploads\/2020\/08\/2020-04_Poster_Europe-langues_Multinatio.jpg\",\"contentUrl\":\"https:\/\/www.eurominority.eu\/wp-content\/uploads\/2020\/08\/2020-04_Poster_Europe-langues_Multinatio.jpg\",\"width\":2100,\"height\":1500},{\"@type\":\"BreadcrumbList\",\"@id\":\"https:\/\/www.eurominority.eu\/index.php\/produit\/european-languages-carte-des-langues-deurope\/#breadcrumb\",\"itemListElement\":[{\"@type\":\"ListItem\",\"position\":1,\"name\":\"Accueil\",\"item\":\"https:\/\/www.eurominority.eu\/\"},{\"@type\":\"ListItem\",\"position\":2,\"name\":\"Boutique\",\"item\":\"https:\/\/www.eurominority.eu\/index.php\/boutique\/\"},{\"@type\":\"ListItem\",\"position\":3,\"name\":\"\u00ab\u00a0European languages\u00a0\u00bb : Carte des langues d&rsquo;Europe\"}]},{\"@type\":\"WebSite\",\"@id\":\"https:\/\/www.eurominority.eu\/#website\",\"url\":\"https:\/\/www.eurominority.eu\/\",\"name\":\"Eurominority.eu\",\"description\":\"We are the peoples of the world\",\"publisher\":{\"@id\":\"https:\/\/www.eurominority.eu\/#\/schema\/person\/79505440550055e97873102f1e7ab47f\"},\"potentialAction\":[{\"@type\":\"SearchAction\",\"target\":{\"@type\":\"EntryPoint\",\"urlTemplate\":\"https:\/\/www.eurominority.eu\/?s={search_term_string}\"},\"query-input\":{\"@type\":\"PropertyValueSpecification\",\"valueRequired\":true,\"valueName\":\"search_term_string\"}}],\"inLanguage\":\"fr-FR\"},{\"@type\":[\"Person\",\"Organization\"],\"@id\":\"https:\/\/www.eurominority.eu\/#\/schema\/person\/79505440550055e97873102f1e7ab47f\",\"name\":\"Multinatio\",\"image\":{\"@type\":\"ImageObject\",\"inLanguage\":\"fr-FR\",\"@id\":\"https:\/\/www.eurominority.eu\/#\/schema\/person\/image\/\",\"url\":\"https:\/\/www.eurominority.eu\/wp-content\/uploads\/2023\/03\/cropped-Logo-Eurominority.png\",\"contentUrl\":\"https:\/\/www.eurominority.eu\/wp-content\/uploads\/2023\/03\/cropped-Logo-Eurominority.png\",\"width\":1500,\"height\":462,\"caption\":\"Multinatio\"},\"logo\":{\"@id\":\"https:\/\/www.eurominority.eu\/#\/schema\/person\/image\/\"}}]}<\/script>\n<!-- \/ Yoast SEO plugin. -->","yoast_head_json":{"title":"\"European languages\" : Carte des langues d'Europe | Eurominority.eu","robots":{"index":"index","follow":"follow","max-snippet":"max-snippet:-1","max-image-preview":"max-image-preview:large","max-video-preview":"max-video-preview:-1"},"canonical":"https:\/\/www.eurominority.eu\/index.php\/produit\/european-languages-carte-des-langues-deurope\/","og_locale":"fr_FR","og_type":"article","og_title":"\"European languages\" : Carte des langues d'Europe | Eurominority.eu","og_description":"Carte des langues europ\u00e9ennes, et de leur vari\u00e9t\u00e9 dialectale. Toutes les langues d&rsquo;Europe y sont repr\u00e9sent\u00e9es. Langues officielles et minoritaires, langues nationales et r\u00e9gionales. Anglais, fran\u00e7ais, italien, polonais, su\u00e9dois, breton, basque, catalan, corse ou gallois sont repr\u00e9sent\u00e9s \u00e0 \u00e9galit\u00e9 de traitement. Une cr\u00e9ation originale Eurominority.eu (Mikael Bodlore-Penlaez) Format recommand\u00e9 : 83,3 x 59,5 cm (19,01 \u20ac)","og_url":"https:\/\/www.eurominority.eu\/index.php\/produit\/european-languages-carte-des-langues-deurope\/","og_site_name":"Eurominority.eu","article_modified_time":"2025-07-27T04:57:48+00:00","og_image":[{"width":1024,"height":731,"url":"https:\/\/www.eurominority.eu\/wp-content\/uploads\/2020\/08\/2020-04_Poster_Europe-langues_Multinatio-1024x731.jpg","type":"image\/jpeg"}],"twitter_card":"summary_large_image","schema":{"@context":"https:\/\/schema.org","@graph":[{"@type":"WebPage","@id":"https:\/\/www.eurominority.eu\/index.php\/produit\/european-languages-carte-des-langues-deurope\/","url":"https:\/\/www.eurominority.eu\/index.php\/produit\/european-languages-carte-des-langues-deurope\/","name":"\"European languages\" : Carte des langues d'Europe | Eurominority.eu","isPartOf":{"@id":"https:\/\/www.eurominority.eu\/#website"},"primaryImageOfPage":{"@id":"https:\/\/www.eurominority.eu\/index.php\/produit\/european-languages-carte-des-langues-deurope\/#primaryimage"},"image":{"@id":"https:\/\/www.eurominority.eu\/index.php\/produit\/european-languages-carte-des-langues-deurope\/#primaryimage"},"thumbnailUrl":"https:\/\/www.eurominority.eu\/wp-content\/uploads\/2020\/08\/2020-04_Poster_Europe-langues_Multinatio.jpg","datePublished":"2020-07-27T19:11:12+00:00","dateModified":"2025-07-27T04:57:48+00:00","breadcrumb":{"@id":"https:\/\/www.eurominority.eu\/index.php\/produit\/european-languages-carte-des-langues-deurope\/#breadcrumb"},"inLanguage":"fr-FR","potentialAction":[{"@type":"ReadAction","target":["https:\/\/www.eurominority.eu\/index.php\/produit\/european-languages-carte-des-langues-deurope\/"]}]},{"@type":"ImageObject","inLanguage":"fr-FR","@id":"https:\/\/www.eurominority.eu\/index.php\/produit\/european-languages-carte-des-langues-deurope\/#primaryimage","url":"https:\/\/www.eurominority.eu\/wp-content\/uploads\/2020\/08\/2020-04_Poster_Europe-langues_Multinatio.jpg","contentUrl":"https:\/\/www.eurominority.eu\/wp-content\/uploads\/2020\/08\/2020-04_Poster_Europe-langues_Multinatio.jpg","width":2100,"height":1500},{"@type":"BreadcrumbList","@id":"https:\/\/www.eurominority.eu\/index.php\/produit\/european-languages-carte-des-langues-deurope\/#breadcrumb","itemListElement":[{"@type":"ListItem","position":1,"name":"Accueil","item":"https:\/\/www.eurominority.eu\/"},{"@type":"ListItem","position":2,"name":"Boutique","item":"https:\/\/www.eurominority.eu\/index.php\/boutique\/"},{"@type":"ListItem","position":3,"name":"\u00ab\u00a0European languages\u00a0\u00bb : Carte des langues d&rsquo;Europe"}]},{"@type":"WebSite","@id":"https:\/\/www.eurominority.eu\/#website","url":"https:\/\/www.eurominority.eu\/","name":"Eurominority.eu","description":"We are the peoples of the world","publisher":{"@id":"https:\/\/www.eurominority.eu\/#\/schema\/person\/79505440550055e97873102f1e7ab47f"},"potentialAction":[{"@type":"SearchAction","target":{"@type":"EntryPoint","urlTemplate":"https:\/\/www.eurominority.eu\/?s={search_term_string}"},"query-input":{"@type":"PropertyValueSpecification","valueRequired":true,"valueName":"search_term_string"}}],"inLanguage":"fr-FR"},{"@type":["Person","Organization"],"@id":"https:\/\/www.eurominority.eu\/#\/schema\/person\/79505440550055e97873102f1e7ab47f","name":"Multinatio","image":{"@type":"ImageObject","inLanguage":"fr-FR","@id":"https:\/\/www.eurominority.eu\/#\/schema\/person\/image\/","url":"https:\/\/www.eurominority.eu\/wp-content\/uploads\/2023\/03\/cropped-Logo-Eurominority.png","contentUrl":"https:\/\/www.eurominority.eu\/wp-content\/uploads\/2023\/03\/cropped-Logo-Eurominority.png","width":1500,"height":462,"caption":"Multinatio"},"logo":{"@id":"https:\/\/www.eurominority.eu\/#\/schema\/person\/image\/"}}]}},"_links":{"self":[{"href":"https:\/\/www.eurominority.eu\/index.php\/wp-json\/wp\/v2\/product\/2455"}],"collection":[{"href":"https:\/\/www.eurominority.eu\/index.php\/wp-json\/wp\/v2\/product"}],"about":[{"href":"https:\/\/www.eurominority.eu\/index.php\/wp-json\/wp\/v2\/types\/product"}],"replies":[{"embeddable":true,"href":"https:\/\/www.eurominority.eu\/index.php\/wp-json\/wp\/v2\/comments?post=2455"}],"wp:featuredmedia":[{"embeddable":true,"href":"https:\/\/www.eurominority.eu\/index.php\/wp-json\/wp\/v2\/media\/2468"}],"wp:attachment":[{"href":"https:\/\/www.eurominority.eu\/index.php\/wp-json\/wp\/v2\/media?parent=2455"}],"wp:term":[{"taxonomy":"product_brand","embeddable":true,"href":"https:\/\/www.eurominority.eu\/index.php\/wp-json\/wp\/v2\/product_brand?post=2455"},{"taxonomy":"product_cat","embeddable":true,"href":"https:\/\/www.eurominority.eu\/index.php\/wp-json\/wp\/v2\/product_cat?post=2455"},{"taxonomy":"product_tag","embeddable":true,"href":"https:\/\/www.eurominority.eu\/index.php\/wp-json\/wp\/v2\/product_tag?post=2455"}],"curies":[{"name":"wp","href":"https:\/\/api.w.org\/{rel}","templated":true}]}}

<p>Carte des langues européennes, et de leur variété dialectale. Toutes les langues d&rsquo;Europe y sont représentées. Langues officielles et minoritaires, langues nationales et régionales. Anglais, français, italien, polonais, suédois, breton, basque, catalan, corse ou gallois sont représentés à égalité de traitement.</p>
<p>Une création originale Eurominority.eu (Mikael Bodlore-Penlaez)</p>
<p>Format recommandé : 83,3 x 59,5 cm (19,01 €)</p>

<p>Carte des langues européennes, et de leur variété dialectale. Toutes les langues d&rsquo;Europe y sont représentées. Langues officielles et minoritaires, langues nationales et régionales. Anglais, français, italien, polonais, suédois, breton, basque, catalan, corse ou gallois sont représentés à égalité de traitement. Une création originale Eurominority.eu (Mikael Bodlore-Penlaez) Format recommandé : 83,3 x 59,5 cm (19,01 €)</p>

<!-- This site is optimized with the Yoast SEO plugin v25.6 - https://yoast.com/wordpress/plugins/seo/ -->
<title>&quot;European languages&quot; : Carte des langues d&#039;Europe | Eurominority.eu</title>
<meta name="robots" content="index, follow, max-snippet:-1, max-image-preview:large, max-video-preview:-1" />
<link rel="canonical" href="https://www.eurominority.eu/index.php/produit/european-languages-carte-des-langues-deurope/" />
<meta property="og:locale" content="fr_FR" />
<meta property="og:type" content="article" />
<meta property="og:title" content="&quot;European languages&quot; : Carte des langues d&#039;Europe | Eurominority.eu" />
<meta property="og:description" content="Carte des langues européennes, et de leur variété dialectale. Toutes les langues d&rsquo;Europe y sont représentées. Langues officielles et minoritaires, langues nationales et régionales. Anglais, français, italien, polonais, suédois, breton, basque, catalan, corse ou gallois sont représentés à égalité de traitement. Une création originale Eurominority.eu (Mikael Bodlore-Penlaez) Format recommandé : 83,3 x 59,5 cm (19,01 €)" />
<meta property="og:url" content="https://www.eurominority.eu/index.php/produit/european-languages-carte-des-langues-deurope/" />
<meta property="og:site_name" content="Eurominority.eu" />
<meta property="article:modified_time" content="2025-07-27T04:57:48+00:00" />
<meta property="og:image" content="https://www.eurominority.eu/wp-content/uploads/2020/08/2020-04_Poster_Europe-langues_Multinatio-1024x731.jpg" />
	<meta property="og:image:width" content="1024" />
	<meta property="og:image:height" content="731" />
	<meta property="og:image:type" content="image/jpeg" />
<meta name="twitter:card" content="summary_large_image" />
<script type="application/ld+json" class="yoast-schema-graph">{"@context":"https://schema.org","@graph":[{"@type":"WebPage","@id":"https://www.eurominority.eu/index.php/produit/european-languages-carte-des-langues-deurope/","url":"https://www.eurominority.eu/index.php/produit/european-languages-carte-des-langues-deurope/","name":"\"European languages\" : Carte des langues d'Europe | Eurominority.eu","isPartOf":{"@id":"https://www.eurominority.eu/#website"},"primaryImageOfPage":{"@id":"https://www.eurominority.eu/index.php/produit/european-languages-carte-des-langues-deurope/#primaryimage"},"image":{"@id":"https://www.eurominority.eu/index.php/produit/european-languages-carte-des-langues-deurope/#primaryimage"},"thumbnailUrl":"https://www.eurominority.eu/wp-content/uploads/2020/08/2020-04_Poster_Europe-langues_Multinatio.jpg","datePublished":"2020-07-27T19:11:12+00:00","dateModified":"2025-07-27T04:57:48+00:00","breadcrumb":{"@id":"https://www.eurominority.eu/index.php/produit/european-languages-carte-des-langues-deurope/#breadcrumb"},"inLanguage":"fr-FR","potentialAction":[{"@type":"ReadAction","target":["https://www.eurominority.eu/index.php/produit/european-languages-carte-des-langues-deurope/"]}]},{"@type":"ImageObject","inLanguage":"fr-FR","@id":"https://www.eurominority.eu/index.php/produit/european-languages-carte-des-langues-deurope/#primaryimage","url":"https://www.eurominority.eu/wp-content/uploads/2020/08/2020-04_Poster_Europe-langues_Multinatio.jpg","contentUrl":"https://www.eurominority.eu/wp-content/uploads/2020/08/2020-04_Poster_Europe-langues_Multinatio.jpg","width":2100,"height":1500},{"@type":"BreadcrumbList","@id":"https://www.eurominority.eu/index.php/produit/european-languages-carte-des-langues-deurope/#breadcrumb","itemListElement":[{"@type":"ListItem","position":1,"name":"Accueil","item":"https://www.eurominority.eu/"},{"@type":"ListItem","position":2,"name":"Boutique","item":"https://www.eurominority.eu/index.php/boutique/"},{"@type":"ListItem","position":3,"name":"« European languages » : Carte des langues d&rsquo;Europe"}]},{"@type":"WebSite","@id":"https://www.eurominority.eu/#website","url":"https://www.eurominority.eu/","name":"Eurominority.eu","description":"We are the peoples of the world","publisher":{"@id":"https://www.eurominority.eu/#/schema/person/79505440550055e97873102f1e7ab47f"},"potentialAction":[{"@type":"SearchAction","target":{"@type":"EntryPoint","urlTemplate":"https://www.eurominority.eu/?s={search_term_string}"},"query-input":{"@type":"PropertyValueSpecification","valueRequired":true,"valueName":"search_term_string"}}],"inLanguage":"fr-FR"},{"@type":["Person","Organization"],"@id":"https://www.eurominority.eu/#/schema/person/79505440550055e97873102f1e7ab47f","name":"Multinatio","image":{"@type":"ImageObject","inLanguage":"fr-FR","@id":"https://www.eurominority.eu/#/schema/person/image/","url":"https://www.eurominority.eu/wp-content/uploads/2023/03/cropped-Logo-Eurominority.png","contentUrl":"https://www.eurominority.eu/wp-content/uploads/2023/03/cropped-Logo-Eurominority.png","width":1500,"height":462,"caption":"Multinatio"},"logo":{"@id":"https://www.eurominority.eu/#/schema/person/image/"}}]}</script>
<!-- / Yoast SEO plugin. -->

Carte des langues européennes, et de leur variété dialectale. Toutes les langues d&rsquo;Europe y sont représentées. Langues officielles et minoritaires, langues nationales et régionales. Anglais, français, italien, polonais, suédois, breton, basque, catalan, corse ou gallois sont représentés à égalité de traitement. Une création originale Eurominority.eu (Mikael Bodlore-Penlaez) Format recommandé : 83,3 x 59,5 cm (19,01 €)
