{"id":2462,"date":"2020-07-27T21:11:12","date_gmt":"2020-07-27T19:11:12","guid":{"rendered":"https:\/\/www.eurominority.eu\/index.php\/produit\/import-placeholder-for-3321\/"},"modified":"2020-07-27T21:11:39","modified_gmt":"2020-07-27T19:11:39","slug":"european-nations-carte-des-nations-en-anglais","status":"publish","type":"product","link":"https:\/\/www.eurominority.eu\/index.php\/produit\/european-nations-carte-des-nations-en-anglais\/","title":{"rendered":"\u00ab\u00a0European Nations\u00a0\u00bb Carte des nations (en anglais)"},"content":{"rendered":"<p>Carte des nations historiques europ\u00e9ennes (en anglais, format grande taille), selon les peuples qui constitue l&rsquo;Europe. Nations sans \u00c9tat et pays souverains sont repr\u00e9sent\u00e9s sur cette carte originale. Les r\u00e9gions et les provinces historiques de chaque nation trouvent \u00e9galement leur place. Catalogne, Ecosse, Flandre, Corse, Bretagne, Galice, Pays Basque ou Pays de Galles sont repr\u00e9sent\u00e9s \u00e0 \u00e9galit\u00e9 avec la France, l&rsquo;Espagne, l&rsquo;Italie ou la Grande-Bretagne.<\/p>\n<p>Une cr\u00e9ation originale Eurominority.eu (Mikael Bodlore-Penlaez)<\/p>\n<p>Format recommand\u00e9 : 119 x 84,2 cm (29,69 \u20ac)<\/p>\n","protected":false},"excerpt":{"rendered":"<p>Carte des nations historiques europ\u00e9ennes (en anglais, format grande taille), selon les peuples qui constitue l&rsquo;Europe. Nations sans \u00c9tat et pays souverains sont repr\u00e9sent\u00e9s sur cette carte originale. Les r\u00e9gions et les provinces historiques de chaque nation trouvent \u00e9galement leur place. Catalogne, Ecosse, Flandre, Corse, Bretagne, Galice, Pays Basque ou Pays de Galles sont repr\u00e9sent\u00e9s \u00e0 \u00e9galit\u00e9 avec la France, l&rsquo;Espagne, l&rsquo;Italie ou la Grande-Bretagne. Une cr\u00e9ation originale Eurominority.eu (Mikael Bodlore-Penlaez) Format recommand\u00e9 : 119 x 84,2 cm (29,69 \u20ac)<\/p>\n","protected":false},"featured_media":2366,"comment_status":"open","ping_status":"closed","template":"","meta":{"om_disable_all_campaigns":false,"_monsterinsights_skip_tracking":false,"_monsterinsights_sitenote_active":false,"_monsterinsights_sitenote_note":"","_monsterinsights_sitenote_category":0,"_uf_show_specific_survey":0,"_uf_disable_surveys":false},"product_brand":[],"product_cat":[64],"product_tag":[],"class_list":{"0":"post-2462","1":"product","2":"type-product","3":"status-publish","4":"has-post-thumbnail","6":"product_cat-cartes-deurope","8":"first","9":"instock","10":"shipping-taxable","11":"product-type-external"},"aioseo_notices":[],"yoast_head":"<!-- This site is optimized with the Yoast SEO plugin v25.6 - https:\/\/yoast.com\/wordpress\/plugins\/seo\/ -->\n<title>&quot;European Nations&quot; Carte des nations (en anglais) | Eurominority.eu<\/title>\n<meta name=\"robots\" content=\"index, follow, max-snippet:-1, max-image-preview:large, max-video-preview:-1\" \/>\n<link rel=\"canonical\" href=\"https:\/\/www.eurominority.eu\/index.php\/produit\/european-nations-carte-des-nations-en-anglais\/\" \/>\n<meta property=\"og:locale\" content=\"fr_FR\" \/>\n<meta property=\"og:type\" content=\"article\" \/>\n<meta property=\"og:title\" content=\"&quot;European Nations&quot; Carte des nations (en anglais) | Eurominority.eu\" \/>\n<meta property=\"og:description\" content=\"Carte des nations historiques europ\u00e9ennes (en anglais, format grande taille), selon les peuples qui constitue l&rsquo;Europe. Nations sans \u00c9tat et pays souverains sont repr\u00e9sent\u00e9s sur cette carte originale. Les r\u00e9gions et les provinces historiques de chaque nation trouvent \u00e9galement leur place. Catalogne, Ecosse, Flandre, Corse, Bretagne, Galice, Pays Basque ou Pays de Galles sont repr\u00e9sent\u00e9s \u00e0 \u00e9galit\u00e9 avec la France, l&rsquo;Espagne, l&rsquo;Italie ou la Grande-Bretagne. Une cr\u00e9ation originale Eurominority.eu (Mikael Bodlore-Penlaez) Format recommand\u00e9 : 119 x 84,2 cm (29,69 \u20ac)\" \/>\n<meta property=\"og:url\" content=\"https:\/\/www.eurominority.eu\/index.php\/produit\/european-nations-carte-des-nations-en-anglais\/\" \/>\n<meta property=\"og:site_name\" content=\"Eurominority.eu\" \/>\n<meta property=\"article:modified_time\" content=\"2020-07-27T19:11:39+00:00\" \/>\n<meta property=\"og:image\" content=\"https:\/\/www.eurominority.eu\/wp-content\/uploads\/2020\/06\/2020-04_Poster_Europe-nations-grand-ENG_Multinatio-1024x725.jpg\" \/>\n\t<meta property=\"og:image:width\" content=\"1024\" \/>\n\t<meta property=\"og:image:height\" content=\"725\" \/>\n\t<meta property=\"og:image:type\" content=\"image\/jpeg\" \/>\n<meta name=\"twitter:card\" content=\"summary_large_image\" \/>\n<script type=\"application\/ld+json\" class=\"yoast-schema-graph\">{\"@context\":\"https:\/\/schema.org\",\"@graph\":[{\"@type\":\"WebPage\",\"@id\":\"https:\/\/www.eurominority.eu\/index.php\/produit\/european-nations-carte-des-nations-en-anglais\/\",\"url\":\"https:\/\/www.eurominority.eu\/index.php\/produit\/european-nations-carte-des-nations-en-anglais\/\",\"name\":\"\\\"European Nations\\\" Carte des nations (en anglais) | Eurominority.eu\",\"isPartOf\":{\"@id\":\"https:\/\/www.eurominority.eu\/#website\"},\"primaryImageOfPage\":{\"@id\":\"https:\/\/www.eurominority.eu\/index.php\/produit\/european-nations-carte-des-nations-en-anglais\/#primaryimage\"},\"image\":{\"@id\":\"https:\/\/www.eurominority.eu\/index.php\/produit\/european-nations-carte-des-nations-en-anglais\/#primaryimage\"},\"thumbnailUrl\":\"https:\/\/www.eurominority.eu\/wp-content\/uploads\/2020\/06\/2020-04_Poster_Europe-nations-grand-ENG_Multinatio.jpg\",\"datePublished\":\"2020-07-27T19:11:12+00:00\",\"dateModified\":\"2020-07-27T19:11:39+00:00\",\"breadcrumb\":{\"@id\":\"https:\/\/www.eurominority.eu\/index.php\/produit\/european-nations-carte-des-nations-en-anglais\/#breadcrumb\"},\"inLanguage\":\"fr-FR\",\"potentialAction\":[{\"@type\":\"ReadAction\",\"target\":[\"https:\/\/www.eurominority.eu\/index.php\/produit\/european-nations-carte-des-nations-en-anglais\/\"]}]},{\"@type\":\"ImageObject\",\"inLanguage\":\"fr-FR\",\"@id\":\"https:\/\/www.eurominority.eu\/index.php\/produit\/european-nations-carte-des-nations-en-anglais\/#primaryimage\",\"url\":\"https:\/\/www.eurominority.eu\/wp-content\/uploads\/2020\/06\/2020-04_Poster_Europe-nations-grand-ENG_Multinatio.jpg\",\"contentUrl\":\"https:\/\/www.eurominority.eu\/wp-content\/uploads\/2020\/06\/2020-04_Poster_Europe-nations-grand-ENG_Multinatio.jpg\",\"width\":2119,\"height\":1500},{\"@type\":\"BreadcrumbList\",\"@id\":\"https:\/\/www.eurominority.eu\/index.php\/produit\/european-nations-carte-des-nations-en-anglais\/#breadcrumb\",\"itemListElement\":[{\"@type\":\"ListItem\",\"position\":1,\"name\":\"Accueil\",\"item\":\"https:\/\/www.eurominority.eu\/\"},{\"@type\":\"ListItem\",\"position\":2,\"name\":\"Boutique\",\"item\":\"https:\/\/www.eurominority.eu\/index.php\/boutique\/\"},{\"@type\":\"ListItem\",\"position\":3,\"name\":\"\u00ab\u00a0European Nations\u00a0\u00bb Carte des nations (en anglais)\"}]},{\"@type\":\"WebSite\",\"@id\":\"https:\/\/www.eurominority.eu\/#website\",\"url\":\"https:\/\/www.eurominority.eu\/\",\"name\":\"Eurominority.eu\",\"description\":\"We are the peoples of the world\",\"publisher\":{\"@id\":\"https:\/\/www.eurominority.eu\/#\/schema\/person\/79505440550055e97873102f1e7ab47f\"},\"potentialAction\":[{\"@type\":\"SearchAction\",\"target\":{\"@type\":\"EntryPoint\",\"urlTemplate\":\"https:\/\/www.eurominority.eu\/?s={search_term_string}\"},\"query-input\":{\"@type\":\"PropertyValueSpecification\",\"valueRequired\":true,\"valueName\":\"search_term_string\"}}],\"inLanguage\":\"fr-FR\"},{\"@type\":[\"Person\",\"Organization\"],\"@id\":\"https:\/\/www.eurominority.eu\/#\/schema\/person\/79505440550055e97873102f1e7ab47f\",\"name\":\"Multinatio\",\"image\":{\"@type\":\"ImageObject\",\"inLanguage\":\"fr-FR\",\"@id\":\"https:\/\/www.eurominority.eu\/#\/schema\/person\/image\/\",\"url\":\"https:\/\/www.eurominority.eu\/wp-content\/uploads\/2023\/03\/cropped-Logo-Eurominority.png\",\"contentUrl\":\"https:\/\/www.eurominority.eu\/wp-content\/uploads\/2023\/03\/cropped-Logo-Eurominority.png\",\"width\":1500,\"height\":462,\"caption\":\"Multinatio\"},\"logo\":{\"@id\":\"https:\/\/www.eurominority.eu\/#\/schema\/person\/image\/\"}}]}<\/script>\n<!-- \/ Yoast SEO plugin. -->","yoast_head_json":{"title":"\"European Nations\" Carte des nations (en anglais) | Eurominority.eu","robots":{"index":"index","follow":"follow","max-snippet":"max-snippet:-1","max-image-preview":"max-image-preview:large","max-video-preview":"max-video-preview:-1"},"canonical":"https:\/\/www.eurominority.eu\/index.php\/produit\/european-nations-carte-des-nations-en-anglais\/","og_locale":"fr_FR","og_type":"article","og_title":"\"European Nations\" Carte des nations (en anglais) | Eurominority.eu","og_description":"Carte des nations historiques europ\u00e9ennes (en anglais, format grande taille), selon les peuples qui constitue l&rsquo;Europe. Nations sans \u00c9tat et pays souverains sont repr\u00e9sent\u00e9s sur cette carte originale. Les r\u00e9gions et les provinces historiques de chaque nation trouvent \u00e9galement leur place. Catalogne, Ecosse, Flandre, Corse, Bretagne, Galice, Pays Basque ou Pays de Galles sont repr\u00e9sent\u00e9s \u00e0 \u00e9galit\u00e9 avec la France, l&rsquo;Espagne, l&rsquo;Italie ou la Grande-Bretagne. Une cr\u00e9ation originale Eurominority.eu (Mikael Bodlore-Penlaez) Format recommand\u00e9 : 119 x 84,2 cm (29,69 \u20ac)","og_url":"https:\/\/www.eurominority.eu\/index.php\/produit\/european-nations-carte-des-nations-en-anglais\/","og_site_name":"Eurominority.eu","article_modified_time":"2020-07-27T19:11:39+00:00","og_image":[{"width":1024,"height":725,"url":"https:\/\/www.eurominority.eu\/wp-content\/uploads\/2020\/06\/2020-04_Poster_Europe-nations-grand-ENG_Multinatio-1024x725.jpg","type":"image\/jpeg"}],"twitter_card":"summary_large_image","schema":{"@context":"https:\/\/schema.org","@graph":[{"@type":"WebPage","@id":"https:\/\/www.eurominority.eu\/index.php\/produit\/european-nations-carte-des-nations-en-anglais\/","url":"https:\/\/www.eurominority.eu\/index.php\/produit\/european-nations-carte-des-nations-en-anglais\/","name":"\"European Nations\" Carte des nations (en anglais) | Eurominority.eu","isPartOf":{"@id":"https:\/\/www.eurominority.eu\/#website"},"primaryImageOfPage":{"@id":"https:\/\/www.eurominority.eu\/index.php\/produit\/european-nations-carte-des-nations-en-anglais\/#primaryimage"},"image":{"@id":"https:\/\/www.eurominority.eu\/index.php\/produit\/european-nations-carte-des-nations-en-anglais\/#primaryimage"},"thumbnailUrl":"https:\/\/www.eurominority.eu\/wp-content\/uploads\/2020\/06\/2020-04_Poster_Europe-nations-grand-ENG_Multinatio.jpg","datePublished":"2020-07-27T19:11:12+00:00","dateModified":"2020-07-27T19:11:39+00:00","breadcrumb":{"@id":"https:\/\/www.eurominority.eu\/index.php\/produit\/european-nations-carte-des-nations-en-anglais\/#breadcrumb"},"inLanguage":"fr-FR","potentialAction":[{"@type":"ReadAction","target":["https:\/\/www.eurominority.eu\/index.php\/produit\/european-nations-carte-des-nations-en-anglais\/"]}]},{"@type":"ImageObject","inLanguage":"fr-FR","@id":"https:\/\/www.eurominority.eu\/index.php\/produit\/european-nations-carte-des-nations-en-anglais\/#primaryimage","url":"https:\/\/www.eurominority.eu\/wp-content\/uploads\/2020\/06\/2020-04_Poster_Europe-nations-grand-ENG_Multinatio.jpg","contentUrl":"https:\/\/www.eurominority.eu\/wp-content\/uploads\/2020\/06\/2020-04_Poster_Europe-nations-grand-ENG_Multinatio.jpg","width":2119,"height":1500},{"@type":"BreadcrumbList","@id":"https:\/\/www.eurominority.eu\/index.php\/produit\/european-nations-carte-des-nations-en-anglais\/#breadcrumb","itemListElement":[{"@type":"ListItem","position":1,"name":"Accueil","item":"https:\/\/www.eurominority.eu\/"},{"@type":"ListItem","position":2,"name":"Boutique","item":"https:\/\/www.eurominority.eu\/index.php\/boutique\/"},{"@type":"ListItem","position":3,"name":"\u00ab\u00a0European Nations\u00a0\u00bb Carte des nations (en anglais)"}]},{"@type":"WebSite","@id":"https:\/\/www.eurominority.eu\/#website","url":"https:\/\/www.eurominority.eu\/","name":"Eurominority.eu","description":"We are the peoples of the world","publisher":{"@id":"https:\/\/www.eurominority.eu\/#\/schema\/person\/79505440550055e97873102f1e7ab47f"},"potentialAction":[{"@type":"SearchAction","target":{"@type":"EntryPoint","urlTemplate":"https:\/\/www.eurominority.eu\/?s={search_term_string}"},"query-input":{"@type":"PropertyValueSpecification","valueRequired":true,"valueName":"search_term_string"}}],"inLanguage":"fr-FR"},{"@type":["Person","Organization"],"@id":"https:\/\/www.eurominority.eu\/#\/schema\/person\/79505440550055e97873102f1e7ab47f","name":"Multinatio","image":{"@type":"ImageObject","inLanguage":"fr-FR","@id":"https:\/\/www.eurominority.eu\/#\/schema\/person\/image\/","url":"https:\/\/www.eurominority.eu\/wp-content\/uploads\/2023\/03\/cropped-Logo-Eurominority.png","contentUrl":"https:\/\/www.eurominority.eu\/wp-content\/uploads\/2023\/03\/cropped-Logo-Eurominority.png","width":1500,"height":462,"caption":"Multinatio"},"logo":{"@id":"https:\/\/www.eurominority.eu\/#\/schema\/person\/image\/"}}]}},"_links":{"self":[{"href":"https:\/\/www.eurominority.eu\/index.php\/wp-json\/wp\/v2\/product\/2462"}],"collection":[{"href":"https:\/\/www.eurominority.eu\/index.php\/wp-json\/wp\/v2\/product"}],"about":[{"href":"https:\/\/www.eurominority.eu\/index.php\/wp-json\/wp\/v2\/types\/product"}],"replies":[{"embeddable":true,"href":"https:\/\/www.eurominority.eu\/index.php\/wp-json\/wp\/v2\/comments?post=2462"}],"wp:featuredmedia":[{"embeddable":true,"href":"https:\/\/www.eurominority.eu\/index.php\/wp-json\/wp\/v2\/media\/2366"}],"wp:attachment":[{"href":"https:\/\/www.eurominority.eu\/index.php\/wp-json\/wp\/v2\/media?parent=2462"}],"wp:term":[{"taxonomy":"product_brand","embeddable":true,"href":"https:\/\/www.eurominority.eu\/index.php\/wp-json\/wp\/v2\/product_brand?post=2462"},{"taxonomy":"product_cat","embeddable":true,"href":"https:\/\/www.eurominority.eu\/index.php\/wp-json\/wp\/v2\/product_cat?post=2462"},{"taxonomy":"product_tag","embeddable":true,"href":"https:\/\/www.eurominority.eu\/index.php\/wp-json\/wp\/v2\/product_tag?post=2462"}],"curies":[{"name":"wp","href":"https:\/\/api.w.org\/{rel}","templated":true}]}}